-- https://www.phpmyadmin.net/
--
-- Waktu pembuatan: 28 Sep 2025 pada 13.58
-- Versi server: 8.0.43-cll-lve
-- Versi PHP: 8.4.11

START TRANSACTION;



--
-- Database: `dracinvi_game`
--

-- --------------------------------------------------------

--
-- Struktur dari tabel `beritas`
--

CREATE TABLE `beritas` (
  `id` bigint UNSIGNED NOT NULL,
  `path` varchar(255) CHARACTER SET utf8mb4 COLLATE utf8mb4_unicode_ci DEFAULT NULL,
  `tipe` varchar(255) CHARACTER SET utf8mb4 COLLATE utf8mb4_unicode_ci NOT NULL,
  `deskripsi` text CHARACTER SET utf8mb4 COLLATE utf8mb4_unicode_ci,
  `created_at` timestamp NULL DEFAULT NULL,
  `updated_at` timestamp NULL DEFAULT NULL
) ENGINE=InnoDB DEFAULT CHARSET=utf8mb4 COLLATE=utf8mb4_unicode_ci;

--
-- Dumping data untuk tabel `beritas`
--

INSERT INTO `beritas` (`id`, `path`, `tipe`, `deskripsi`, `created_at`, `updated_at`) VALUES
(283, '/assets/banner/Black Orange Minimalis Offline Gaming Banner Landscape_20250522_023902_0000.jpg', 'popupp', '&lt;p&gt;Halo!!! Selamat datang di demo website Bangirul Store. Jika anda menginginkan source code website ini silahkan hubungi saya di WhatsApp 085787668876.&lt;/p&gt;&lt;p&gt;Kita juga menyediakan script topup bot WhatsApp.&lt;/p&gt;', '2025-05-29 12:49:48', '2025-05-29 12:49:48'),
(289, '/assets/banner/Bold Red Gaming Livestream YouTube Thumbnail_20250922_211916_0000.png', 'banner', '&lt;p&gt;Bangirulstoree&lt;/p&gt;', '2025-09-22 13:34:42', '2025-09-22 13:34:42');

-- --------------------------------------------------------

--
-- Struktur dari tabel `custom_inputs`
--

CREATE TABLE `custom_inputs` (
  `id` bigint UNSIGNED NOT NULL,
  `kategori_id` varchar(255) CHARACTER SET utf8mb4 COLLATE utf8mb4_unicode_ci NOT NULL,
  `field_1` varchar(255) CHARACTER SET utf8mb4 COLLATE utf8mb4_unicode_ci NOT NULL,
  `field_2` varchar(255) CHARACTER SET utf8mb4 COLLATE utf8mb4_unicode_ci DEFAULT NULL,
  `field_select_title` varchar(5000) CHARACTER SET utf8mb4 COLLATE utf8mb4_unicode_ci DEFAULT NULL,
  `field_select` varchar(5000) CHARACTER SET utf8mb4 COLLATE utf8mb4_unicode_ci DEFAULT NULL
) ENGINE=InnoDB DEFAULT CHARSET=latin1;

--
-- Dumping data untuk tabel `custom_inputs`
--

INSERT INTO `custom_inputs` (`id`, `kategori_id`, `field_1`, `field_2`, `field_select_title`, `field_select`) VALUES
(1, '1', 'ID,Ketikan ID,number', 'Server,Ketikan Server,number', NULL, NULL),
(2, '2', 'ID,Ketikan ID,number', NULL, NULL, NULL),
(3, '3', 'ID,Ketikan ID,number', NULL, NULL, NULL),
(4, '4', 'UID,Ketikan UID,number', 'Server,Pilih Server,select', 'Asia,America,Europe,TWK_HK_MO', 'os_asia,os_usa,os_euro,os_cht'),
(5, '5', 'ID,Ketikan ID,number', NULL, NULL, NULL),
(6, '6', 'ID,Ketikan ID,number', NULL, NULL, NULL),
(7, '7', 'ID,Ketikan ID,number', NULL, NULL, NULL),
(8, '8', 'ID,Ketikan ID,number', NULL, NULL, NULL),
(9, '9', 'ID,Ketikan ID,number', NULL, NULL, NULL),
(10, '10', 'ID,Ketikan ID,number', NULL, NULL, NULL),
(11, '11', 'ID,Ketikan ID,number', NULL, NULL, NULL),
(12, '12', 'ID,Ketikan ID,number', NULL, NULL, NULL),
(13, '13', 'No Handphone,08xxxx,number', NULL, NULL, NULL),
(14, '14', 'No Handphone,08xxxx,number', NULL, NULL, NULL),
(15, '15', 'No Handphone,08xxxxxx,number', NULL, NULL, NULL),
(16, '16', 'No Handphone,08xxx,number', NULL, NULL, NULL),
(17, '17', 'No Handphone,08xxxx,number', NULL, NULL, NULL),
(18, '18', 'No Handphone,08xxxx,number', NULL, NULL, NULL),
(19, '19', 'No Handphone,08xxxx,number', NULL, NULL, NULL),
(20, '20', 'No Handphone,08xxxx,number', NULL, NULL, NULL),
(21, '21', 'No Meter,123xxxx,number', NULL, NULL, NULL),
(22, '22', 'No Handphone,08xxxx,number', NULL, NULL, NULL),
(23, '23', 'No Handphone,08xxxx,number', NULL, NULL, NULL),
(24, '24', 'No Handphone,08xxxx,number', NULL, NULL, NULL),
(25, '25', 'No Handphone,08xxxx,number', NULL, NULL, NULL),
(26, '26', 'No Handphone,08xxxx,number', NULL, NULL, NULL),
(27, '27', 'No Handphone,08xxxx,number', NULL, NULL, NULL),
(28, '28', 'No Handphone,08xxxx,number', NULL, NULL, NULL),
(29, '29', 'No Handphone,08xxxx,number', NULL, NULL, NULL),
(30, '30', 'No Handphone,08xxxx,number', NULL, NULL, NULL),
(31, '31', 'Email,email@gmail.com,text', 'Request Profile,WeJizy,text', NULL, NULL),
(32, '32', 'No Handphone,08xxxx,number', NULL, NULL, NULL),
(33, '33', 'Email,email@gmail.com,text', NULL, NULL, NULL),
(34, '34', 'Email,email@gmail.com,text', NULL, NULL, NULL),
(35, '35', 'Email,email@gmail.com,text', NULL, NULL, NULL),
(36, '36', 'Email,email@gmail.com,text', NULL, NULL, NULL),
(37, '37', 'Email,email@gmail.com,text', NULL, NULL, NULL),
(38, '38', ',,Select Input Type', NULL, NULL, NULL),
(39, '39', ',,Select Input Type', NULL, NULL, NULL),
(41, '41', 'Id,Ketikan ID,number', 'Server,Ketikan Server,select', NULL, NULL),
(42, '42', 'ID,Ketikan ID,number', NULL, NULL, NULL),
(43, '43', 'Space ID,Masukkan Space ID,number', NULL, NULL, NULL),
(44, '44', 'ID,Masukkan ID,number', 'Server,Masukkan ID Server,number', NULL, NULL),
(45, '45', 'Unique ID,Masukkan Unique ID,number', NULL, NULL, NULL),
(46, '46', 'Riot ID#Tag,Masukkan Riot ID#Tag,text', NULL, NULL, NULL),
(47, '47', 'Nomor HP,Masukkan Nomor HP,number', NULL, NULL, NULL),
(48, '48', 'Nomor HP,Masukkan Nomor HP,number', NULL, NULL, NULL),
(49, '49', 'Nomor HP,Masukkan Nomor HP,number', NULL, NULL, NULL),
(50, '50', 'Nomor HP,Masukkan Nomor HP,number', NULL, NULL, NULL),
(51, '51', 'Nomor HP,Masukkan Nomor HP,number', NULL, NULL, NULL),
(52, '52', 'Number,Number,number', NULL, NULL, NULL),
(53, '53', 'No,No,number', NULL, NULL, NULL),
(54, '54', 'Nomor,Nomor,number', NULL, NULL, NULL),
(55, '55', 'ID,ID,number', 'Server,Server,number', NULL, NULL),
(56, '56', 'ID,ID,number', 'Server,Server,number', NULL, NULL),
(57, '57', 'ID,ID,number', 'Server,Server,number', NULL, NULL),
(58, '58', 'Email,Masukkan Email,text', NULL, NULL, NULL),
(59, '59', 'ID,Masukkan ID,number', 'Server,Masukkan Server,number', NULL, NULL),
(60, '60', 'Via,Facebook,select', NULL, NULL, NULL),
(61, '61', 'jh ae,nbaef,Select Input Type', NULL, NULL, NULL),
(62, '62', 'Email,Masukkan email,text', 'Nomor HP,Masukkan Nomor HP,number', NULL, NULL),
(63, '63', 'Email,Email,text', 'Nomor,Nomor,number', NULL, NULL),
(64, '64', 'Username/Nomor/Email,Username/Nomor/Email,text', 'Password,Password,text', NULL, NULL),
(65, '65', 'Login Via,Google,Facebook,Akungame,select', 'Username/Email/Nomor,Username/Email/Nomor,text', NULL, NULL);

-- --------------------------------------------------------

--
-- Struktur dari tabel `deposits`
--

CREATE TABLE `deposits` (
  `id` bigint(20) UNSIGNED NOT NULL,
  `order_id` varchar(255) NOT NULL,
  `username` varchar(255) NOT NULL,
  `metode` varchar(255) NOT NULL,
  `no_pembayaran` varchar(255) NOT NULL,
  `jumlah` bigint(20) NOT NULL,
  `status` enum('Success','Pending') NOT NULL,
  `created_at` timestamp NULL DEFAULT NULL,
  `updated_at` timestamp NULL DEFAULT NULL
) ENGINE=InnoDB DEFAULT CHARSET=utf8mb4 COLLATE=utf8mb4_unicode_ci;

-- --------------------------------------------------------

--
-- Struktur dari tabel `failed_jobs`
--

CREATE TABLE `failed_jobs` (
  `id` bigint UNSIGNED NOT NULL,
  `uuid` varchar(255) CHARACTER SET utf8mb4 COLLATE utf8mb4_unicode_ci NOT NULL,
  `connection` text CHARACTER SET utf8mb4 COLLATE utf8mb4_unicode_ci NOT NULL,
  `queue` text CHARACTER SET utf8mb4 COLLATE utf8mb4_unicode_ci NOT NULL,
  `payload` longtext CHARACTER SET utf8mb4 COLLATE utf8mb4_unicode_ci NOT NULL,
  `exception` longtext CHARACTER SET utf8mb4 COLLATE utf8mb4_unicode_ci NOT NULL,
  `failed_at` timestamp NOT NULL DEFAULT CURRENT_TIMESTAMP
) ENGINE=InnoDB DEFAULT CHARSET=utf8mb4 COLLATE=utf8mb4_unicode_ci;

-- --------------------------------------------------------

--
-- Struktur dari tabel `kategoris`
--

CREATE TABLE `kategoris` (
  `id` bigint UNSIGNED NOT NULL,
  `nama` varchar(255) CHARACTER SET utf8mb4 COLLATE utf8mb4_unicode_ci NOT NULL,
  `sub_nama` varchar(225) CHARACTER SET utf8mb4 COLLATE utf8mb4_unicode_ci NOT NULL,
  `kode` varchar(255) CHARACTER SET utf8mb4 COLLATE utf8mb4_unicode_ci DEFAULT NULL,
  `brand` text CHARACTER SET utf8mb4 COLLATE utf8mb4_unicode_ci,
  `status` varchar(255) CHARACTER SET utf8mb4 COLLATE utf8mb4_unicode_ci NOT NULL DEFAULT 'active',
  `thumbnail` varchar(255) CHARACTER SET utf8mb4 COLLATE utf8mb4_unicode_ci NOT NULL,
  `banner` varchar(255) CHARACTER SET utf8mb4 COLLATE utf8mb4_unicode_ci NOT NULL,
  `tipe` varchar(255) CHARACTER SET utf8mb4 COLLATE utf8mb4_unicode_ci NOT NULL DEFAULT 'game',
  `server_id` tinyint(1) NOT NULL DEFAULT '0',
  `petunjuk` varchar(255) CHARACTER SET utf8mb4 COLLATE utf8mb4_unicode_ci DEFAULT NULL,
  `deskripsi_game` text CHARACTER SET utf8mb4 COLLATE utf8mb4_unicode_ci,
  `deskripsi_field` text CHARACTER SET utf8mb4 COLLATE utf8mb4_unicode_ci,
  `keterangan_input_satu` varchar(255) CHARACTER SET utf8mb4 COLLATE utf8mb4_unicode_ci DEFAULT NULL,
  `keterangan_input_dua` varchar(255) CHARACTER SET utf8mb4 COLLATE utf8mb4_unicode_ci DEFAULT NULL,
  `placeholder_satu` varchar(255) CHARACTER SET utf8mb4 COLLATE utf8mb4_unicode_ci DEFAULT NULL,
  `placeholder_dua` varchar(255) CHARACTER SET utf8mb4 COLLATE utf8mb4_unicode_ci DEFAULT NULL,
  `created_at` timestamp NULL DEFAULT NULL,
  `updated_at` timestamp NULL DEFAULT NULL,
  `nama_display` varchar(255) CHARACTER SET utf8mb4 COLLATE utf8mb4_unicode_ci DEFAULT NULL
) ENGINE=InnoDB DEFAULT CHARSET=utf8mb4 COLLATE=utf8mb4_unicode_ci;

--
-- Dumping data untuk tabel `kategoris`
--

INSERT INTO `kategoris` (`id`, `nama`, `sub_nama`, `kode`, `brand`, `status`, `thumbnail`, `banner`, `tipe`, `server_id`, `petunjuk`, `deskripsi_game`, `deskripsi_field`, `keterangan_input_satu`, `keterangan_input_dua`, `placeholder_satu`, `placeholder_dua`, `created_at`, `updated_at`, `nama_display`) VALUES
(1, 'MOBILE LEGENDS', 'Moonton', 'mobile-legends', NULL, 'active', '/assets/thumbnail/0796c8f76249a70817d4009a47897e5a1800df7d.jpg', '/assets/banner_game/3617d272d26e429770e1d2d5db1be3ffba840fa6.jpg', 'populer', 0, NULL, '&lt;p&gt;Cara Topup :&lt;/p&gt;&lt;ol&gt;&lt;li&gt;Masukkan ID &amp;amp; Server&lt;/li&gt;&lt;li&gt;Pilih nominal&lt;/li&gt;&lt;li&gt;Pilih metode pembayaran&lt;/li&gt;&lt;li&gt;Tulis kode promo (Jika ada)&lt;/li&gt;&lt;li&gt;Masukkan No. whatsapp&lt;/li&gt;&lt;li&gt;Klik pesan sekarang &amp;amp; lakukan pembayaran&lt;/li&gt;&lt;li&gt;Selesai&lt;/li&gt;&lt;/ol&gt;', 'Contoh: 123455789 (12345) maka ID = 123456789 dan ID Server = 12345', NULL, NULL, NULL, NULL, '2025-04-12 00:27:29', '2025-07-12 11:48:01', 'Mobile Legends'),
(2, 'Free Fire', 'Garena', 'free-fire', NULL, 'active', '/assets/thumbnail/acb42d13bca05bd754a6e67c1c5058cdfa5167de.jpg', '/assets/banner_game/a6b55dfd40ad104988b839fd22181f6dd7181b3d.jpg', 'populer', 0, NULL, '&lt;p&gt;Cara Topup :&lt;/p&gt;&lt;ol&gt;&lt;li&gt;Masukkan ID&lt;/li&gt;&lt;li&gt;Pilih nominal&lt;/li&gt;&lt;li&gt;Pilih metode pembayaran&lt;/li&gt;&lt;li&gt;Tulis kode promo (Jika ada)&lt;/li&gt;&lt;li&gt;Masukkan No. whatsapp&lt;/li&gt;&lt;li&gt;Klik pesan sekarang &amp;amp; lakukan pembayaran&lt;/li&gt;&lt;li&gt;Selesai&lt;/li&gt;&lt;/ol&gt;', 'Masukkan ID Contoh : 72838383', NULL, NULL, NULL, NULL, '2025-04-12 00:55:08', '2025-06-27 03:58:30', 'Free Fire'),
(3, 'PUBG MOBILE', 'Tencent', 'pubg-mobile', NULL, 'active', '/assets/thumbnail/5f236d200d7e6fd4139224d620335369fecb6c7e.jpg', '/assets/banner_game/989de17886e8ba123956b7d012d664ea250ecf1f.jpg', 'populer', 0, NULL, '&lt;p&gt;Cara Topup :&lt;/p&gt;&lt;ol&gt;&lt;li&gt;Masukkan ID&lt;/li&gt;&lt;li&gt;Pilih nominal&lt;/li&gt;&lt;li&gt;Pilih metode pembayaran&lt;/li&gt;&lt;li&gt;Tulis kode promo (Jika ada)&lt;/li&gt;&lt;li&gt;Masukkan No. whatsapp&lt;/li&gt;&lt;li&gt;Klik pesan sekarang &amp;amp; lakukan pembayaran&lt;/li&gt;&lt;li&gt;Selesai&lt;/li&gt;&lt;/ol&gt;', 'Masukan ID Dengan Benar', NULL, NULL, NULL, NULL, '2025-04-12 00:56:12', '2025-06-23 13:48:12', 'PUBG Mobile'),
(4, 'Genshin Impact', 'HoyoVerse', 'genshin-impact', NULL, 'active', '/assets/thumbnail/0a8080cd7bfd605ebb977246f582a85472d6440c.jpg', '/assets/banner_game/ae505f4cb9751ee3d4bfc6121b7bc466bdbb6de9.jpg', 'populer', 0, NULL, '&lt;p&gt;Cara Topup :&lt;/p&gt;&lt;ol&gt;&lt;li&gt;Masukkan ID &amp;amp; Server&lt;/li&gt;&lt;li&gt;Pilih nominal&lt;/li&gt;&lt;li&gt;Pilih metode pembayaran&lt;/li&gt;&lt;li&gt;Tulis kode promo (Jika ada)&lt;/li&gt;&lt;li&gt;Masukkan No. whatsapp&lt;/li&gt;&lt;li&gt;Klik pesan sekarang &amp;amp; lakukan pembayaran&lt;/li&gt;&lt;li&gt;Selesai&lt;/li&gt;&lt;/ol&gt;', 'Contoh : UID = 123456789, Server = Asia', NULL, NULL, NULL, NULL, '2025-04-12 01:00:24', '2025-06-23 13:48:28', 'Genshin Impact'),
(5, 'Blood Strike', 'NetEase', 'blood-strike', NULL, 'active', '/assets/thumbnail/cbe5f90722c17d93b2f3270ee0164f61bc38dfd5.jpg', '/assets/banner_game/fb5fdef2c5e86de097398f27233d7ca083b5e458.jpg', 'game', 0, NULL, '&lt;p&gt;Cara Topup :&lt;/p&gt;&lt;ol&gt;&lt;li&gt;Masukkan ID&lt;/li&gt;&lt;li&gt;Pilih nominal&lt;/li&gt;&lt;li&gt;Pilih metode pembayaran&lt;/li&gt;&lt;li&gt;Tulis kode promo (Jika ada)&lt;/li&gt;&lt;li&gt;Masukkan No. whatsapp&lt;/li&gt;&lt;li&gt;Klik pesan sekarang &amp;amp; lakukan pembayaran&lt;/li&gt;&lt;li&gt;Selesai&lt;/li&gt;&lt;/ol&gt;', 'Contoh : 72734783383', NULL, NULL, NULL, NULL, '2025-04-12 01:05:03', '2025-06-23 13:49:10', 'Blood Strike'),
(6, 'Honor of Kings', 'Tencent Games', 'honor-of-kings-tp', NULL, 'active', '/assets/thumbnail/9e94f6f48e3804f562422e494fe3603c90214fb6.jpg', '/assets/banner_game/9087f98c690cebeb09f1fd3d1e407092de253769.jpg', 'game', 0, NULL, '&lt;p&gt;Cara Topup :&lt;/p&gt;&lt;ol&gt;&lt;li&gt;Masukkan ID&lt;/li&gt;&lt;li&gt;Pilih nominal&lt;/li&gt;&lt;li&gt;Pilih metode pembayaran&lt;/li&gt;&lt;li&gt;Tulis kode promo (Jika ada)&lt;/li&gt;&lt;li&gt;Masukkan No. whatsapp&lt;/li&gt;&lt;li&gt;Klik pesan sekarang &amp;amp; lakukan pembayaran&lt;/li&gt;&lt;li&gt;Selesai&lt;/li&gt;&lt;/ol&gt;', 'Contoh : 82838383', NULL, NULL, NULL, NULL, '2025-04-12 01:07:50', '2025-06-23 13:49:32', 'Honor of Kings'),
(7, 'FC Mobile', 'EA Sports', 'fc-mobile', NULL, 'active', '/assets/thumbnail/fa3fd96fb736a0248e18c1adf33d17cd78ce7dea.jpg', '/assets/banner_game/e112b1300eb0cf0269c43226583f9f6f73cb65e4.jpg', 'game', 0, NULL, '&lt;p&gt;Cara Topup :&lt;/p&gt;&lt;ol&gt;&lt;li&gt;Masukkan ID&lt;/li&gt;&lt;li&gt;Pilih nominal&lt;/li&gt;&lt;li&gt;Pilih metode pembayaran&lt;/li&gt;&lt;li&gt;Tulis kode promo (Jika ada)&lt;/li&gt;&lt;li&gt;Masukkan No. whatsapp&lt;/li&gt;&lt;li&gt;Klik pesan sekarang &amp;amp; lakukan pembayaran&lt;/li&gt;&lt;li&gt;Selesai&lt;/li&gt;&lt;/ol&gt;', 'Contoh : 8273917373', NULL, NULL, NULL, NULL, '2025-04-12 01:08:57', '2025-06-23 13:49:44', 'FC Mobile'),
(8, 'ARENA OF VALOR', 'Garena', 'arena-of-valor', NULL, 'active', '/assets/thumbnail/fa41507283e3266bafccbaa7e35d8012399e67ff.jpg', '/assets/banner_game/cb3bf0476646711039e2e1516961f2e98e1a4144.jpg', 'game', 0, NULL, '&lt;p&gt;Cara Topup :&lt;/p&gt;&lt;ol&gt;&lt;li&gt;Masukkan ID&lt;/li&gt;&lt;li&gt;Pilih nominal&lt;/li&gt;&lt;li&gt;Pilih metode pembayaran&lt;/li&gt;&lt;li&gt;Tulis kode promo (Jika ada)&lt;/li&gt;&lt;li&gt;Masukkan No. whatsapp&lt;/li&gt;&lt;li&gt;Klik pesan sekarang &amp;amp; lakukan pembayaran&lt;/li&gt;&lt;li&gt;Selesai&lt;/li&gt;&lt;/ol&gt;', 'Contoh : 828384949', NULL, NULL, NULL, NULL, '2025-04-12 01:11:27', '2025-06-24 01:04:41', 'Arena of Valor'),
(9, 'Call of Duty MOBILE', 'Garena', 'call-of-duty-mobile', NULL, 'active', '/assets/thumbnail/4b2899eab632be919a4e550637c7960514ac6017.jpg', '/assets/banner_game/d78f4e0758720afa9e34adfe6f7cb567928724ab.jpg', 'game', 0, NULL, '&lt;p&gt;Cara Topup :&lt;/p&gt;&lt;ol&gt;&lt;li&gt;Masukkan ID&lt;/li&gt;&lt;li&gt;Pilih nominal&lt;/li&gt;&lt;li&gt;Pilih metode pembayaran&lt;/li&gt;&lt;li&gt;Tulis kode promo (Jika ada)&lt;/li&gt;&lt;li&gt;Masukkan No. whatsapp&lt;/li&gt;&lt;li&gt;Klik pesan sekarang &amp;amp; lakukan pembayaran&lt;/li&gt;&lt;li&gt;Selesai&lt;/li&gt;&lt;/ol&gt;', 'Contoh : 12627393938', NULL, NULL, NULL, NULL, '2025-04-12 01:12:39', '2025-06-23 13:50:16', 'Call of Duty MOBILE'),
(12, 'Undawn', 'Garena', 'undawn', NULL, 'active', '/assets/thumbnail/6c94bd2af01dadea5acfb0efc5fdf10fe2cb7b1c.jpg', '/assets/banner_game/3796d79a76caed5e25ea8e06c3d34d2d6a5f104f.jpg', 'game', 0, NULL, '&lt;p&gt;Cara Topup :&lt;/p&gt;&lt;ol&gt;&lt;li&gt;Masukkan ID&lt;/li&gt;&lt;li&gt;Pilih nominal&lt;/li&gt;&lt;li&gt;Pilih metode pembayaran&lt;/li&gt;&lt;li&gt;Tulis kode promo (Jika ada)&lt;/li&gt;&lt;li&gt;Masukkan No. whatsapp&lt;/li&gt;&lt;li&gt;Klik pesan sekarang &amp;amp; lakukan pembayaran&lt;/li&gt;&lt;li&gt;Selesai&lt;/li&gt;&lt;/ol&gt;', 'Contoh : 82838383', NULL, NULL, NULL, NULL, '2025-04-12 10:05:58', '2025-06-23 13:50:26', 'Undawn'),
(13, 'POINT BLANK', 'Zepetto', 'point-blank', NULL, 'active', '/assets/thumbnail/90df0a328783c5b506dffa625087d0e1838afbee.jpg', '/assets/banner_game/c3b52c6011de35f92de45c990dc432054f87d56d.jpg', 'game', 0, NULL, '&lt;p&gt;Cara Topup :&lt;/p&gt;&lt;ol&gt;&lt;li&gt;Masukkan ID&lt;/li&gt;&lt;li&gt;Pilih nominal&lt;/li&gt;&lt;li&gt;Pilih metode pembayaran&lt;/li&gt;&lt;li&gt;Tulis kode promo (Jika ada)&lt;/li&gt;&lt;li&gt;Masukkan No. whatsapp&lt;/li&gt;&lt;li&gt;Klik pesan sekarang &amp;amp; lakukan pembayaran&lt;/li&gt;&lt;li&gt;Selesai&lt;/li&gt;&lt;/ol&gt;', 'Contoh : 0812xxxxx', NULL, NULL, NULL, NULL, '2025-04-12 10:09:07', '2025-06-23 13:50:51', 'Point Blank'),
(14, 'TELKOMSEL', 'Pt Telekomunikasi Tbk.', 'telkomsel', NULL, 'active', '/assets/thumbnail/5ab48a9e77d5171f808900ba36fb41f2fa21b5eb.jpg', '/assets/banner_game/540e0f2a551a06b976c9025f482ee284efcb3133.jpg', 'pulsa', 0, NULL, '&lt;p&gt;Cara Topup :&lt;/p&gt;&lt;ol&gt;&lt;li&gt;Masukkan No&lt;/li&gt;&lt;li&gt;Pilih nominal&lt;/li&gt;&lt;li&gt;Pilih metode pembayaran&lt;/li&gt;&lt;li&gt;Tulis kode promo (Jika ada)&lt;/li&gt;&lt;li&gt;Masukkan No. whatsapp&lt;/li&gt;&lt;li&gt;Klik pesan sekarang &amp;amp; lakukan pembayaran&lt;/li&gt;&lt;li&gt;Selesai&lt;/li&gt;&lt;/ol&gt;', 'Contoh : 08xxxxxx', NULL, NULL, NULL, NULL, '2025-04-12 10:16:47', '2025-06-23 13:52:52', 'Telkomsel'),
(15, 'INDOSAT', 'Pt Indosat Tbk.', 'indosat', NULL, 'active', '/assets/thumbnail/dec4e2897f3b867ad3aeb22041b2a4d2f79aa9ff.jpg', '/assets/banner_game/b6bea7c008be9e4de8478a4cb825d667b5ba2091.jpg', 'pulsa', 0, NULL, '&lt;p&gt;Cara Topup :&lt;/p&gt;&lt;ol&gt;&lt;li&gt;Masukkan NO&lt;/li&gt;&lt;li&gt;Pilih nominal&lt;/li&gt;&lt;li&gt;Pilih metode pembayaran&lt;/li&gt;&lt;li&gt;Tulis kode promo (Jika ada)&lt;/li&gt;&lt;li&gt;Masukkan No. whatsapp&lt;/li&gt;&lt;li&gt;Klik pesan sekarang &amp;amp; lakukan pembayaran&lt;/li&gt;&lt;li&gt;Selesai&lt;/li&gt;&lt;/ol&gt;', 'Contoh : 08xxxxx', NULL, NULL, NULL, NULL, '2025-04-12 10:18:34', '2025-06-23 13:53:06', 'Indosat'),
(16, 'by.U', 'Telkomsel Tbk', 'byu', NULL, 'active', '/assets/thumbnail/2de11af46e344befba0c6dc29eb287446a48f1ba.jpg', '/assets/banner_game/3f4c143ea6f97079201bad2fda18d96a16cc1d3f.jpg', 'pulsa', 0, NULL, '&lt;p&gt;Cara Topup :&lt;/p&gt;&lt;ol&gt;&lt;li&gt;Masukkan No&lt;/li&gt;&lt;li&gt;Pilih nominal&lt;/li&gt;&lt;li&gt;Pilih metode pembayaran&lt;/li&gt;&lt;li&gt;Tulis kode promo (Jika ada)&lt;/li&gt;&lt;li&gt;Masukkan No. whatsapp&lt;/li&gt;&lt;li&gt;Klik pesan sekarang &amp;amp; lakukan pembayaran&lt;/li&gt;&lt;li&gt;Selesai&lt;/li&gt;&lt;/ol&gt;', 'Contoh : 08xxxxx', NULL, NULL, NULL, NULL, '2025-04-12 10:21:19', '2025-06-23 13:53:19', 'By.U'),
(17, 'AXIS', 'Pt Axita Tbk', 'axis', NULL, 'active', '/assets/thumbnail/b80fddbf9842202eae47f5a550a6c724bb8eefea.jpg', '/assets/banner_game/cec45ecc41c8eac48ecbb90025340a0dc813705d.jpg', 'pulsa', 0, NULL, '&lt;p&gt;Cara Topup :&lt;/p&gt;&lt;ol&gt;&lt;li&gt;Masukkan No&lt;/li&gt;&lt;li&gt;Pilih nominal&lt;/li&gt;&lt;li&gt;Pilih metode pembayaran&lt;/li&gt;&lt;li&gt;Tulis kode promo (Jika ada)&lt;/li&gt;&lt;li&gt;Masukkan No. whatsapp&lt;/li&gt;&lt;li&gt;Klik pesan sekarang &amp;amp; lakukan pembayaran&lt;/li&gt;&lt;li&gt;Selesai&lt;/li&gt;&lt;/ol&gt;', 'Contoh : 08xxxx', NULL, NULL, NULL, NULL, '2025-04-12 10:22:47', '2025-06-23 13:53:30', 'Axis'),
(18, 'TRI', 'Pt Indosat Tbk', 'three', NULL, 'active', '/assets/thumbnail/2815850e36ee42c116371ecb008c9b0cb2807a59.jpg', '/assets/banner_game/2c76cc66a8c9a0dfda2d391cf35f1e31eeaf54c2.jpg', 'pulsa', 0, NULL, '&lt;p&gt;Cara Topup :&lt;/p&gt;&lt;ol&gt;&lt;li&gt;Masukkan No&lt;/li&gt;&lt;li&gt;Pilih nominal&lt;/li&gt;&lt;li&gt;Pilih metode pembayaran&lt;/li&gt;&lt;li&gt;Tulis kode promo (Jika ada)&lt;/li&gt;&lt;li&gt;Masukkan No. whatsapp&lt;/li&gt;&lt;li&gt;Klik pesan sekarang &amp;amp; lakukan pembayaran&lt;/li&gt;&lt;li&gt;Selesai&lt;/li&gt;&lt;/ol&gt;', 'Contoh 08xxxx', NULL, NULL, NULL, NULL, '2025-04-12 10:24:07', '2025-06-23 13:53:41', 'Tri'),
(19, 'XL', 'Pt XL Axita Tbk', 'xl', NULL, 'active', '/assets/thumbnail/f7e8e77157c991c3c2a990ff62c27c77b857573a.jpg', '/assets/banner_game/a1731f27053a573c74b28d269ab049095038b32a.jpg', 'pulsa', 0, NULL, '&lt;p&gt;Cara Topup :&lt;/p&gt;&lt;ol&gt;&lt;li&gt;Masukkan No&lt;/li&gt;&lt;li&gt;Pilih nominal&lt;/li&gt;&lt;li&gt;Pilih metode pembayaran&lt;/li&gt;&lt;li&gt;Tulis kode promo (Jika ada)&lt;/li&gt;&lt;li&gt;Masukkan No. whatsapp&lt;/li&gt;&lt;li&gt;Klik pesan sekarang &amp;amp; lakukan pembayaran&lt;/li&gt;&lt;li&gt;Selesai&lt;/li&gt;&lt;/ol&gt;', 'Contoh 08xxxx', NULL, NULL, NULL, NULL, '2025-04-12 10:25:31', '2025-06-23 13:53:53', 'XL'),
(20, 'SMARTFREN', 'Pt Smartfren Telecom Tbk', 'smartfren', NULL, 'active', '/assets/thumbnail/78fee840f96290e617026af61742b515b816a90c.jpg', '/assets/banner_game/bcc29a2cf4c03e0ba5a48dd6275a28bc1e7177e7.jpg', 'pulsa', 0, NULL, '&lt;p&gt;Cara Topup :&lt;/p&gt;&lt;ol&gt;&lt;li&gt;Masukkan No&lt;/li&gt;&lt;li&gt;Pilih nominal&lt;/li&gt;&lt;li&gt;Pilih metode pembayaran&lt;/li&gt;&lt;li&gt;Tulis kode promo (Jika ada)&lt;/li&gt;&lt;li&gt;Masukkan No. whatsapp&lt;/li&gt;&lt;li&gt;Klik pesan sekarang &amp;amp; lakukan pembayaran&lt;/li&gt;&lt;li&gt;Selesai&lt;/li&gt;&lt;/ol&gt;', 'Contoh : 08xxxx', NULL, NULL, NULL, NULL, '2025-04-12 10:26:58', '2025-06-23 13:54:10', 'Smartfren'),
(21, 'PLN', 'Pt PLN Tbk', 'pln', NULL, 'active', '/assets/thumbnail/7b6101f0ebb957b94316c1b6815277e20499621c.jpg', '/assets/banner_game/2a231b7c69adaf1fa88d43461e31de3e824569fd.jpg', 'pulsa', 0, NULL, '&lt;p&gt;Cara Topup :&lt;/p&gt;&lt;ol&gt;&lt;li&gt;Masukkan No Meter&lt;/li&gt;&lt;li&gt;Pilih nominal&lt;/li&gt;&lt;li&gt;Pilih metode pembayaran&lt;/li&gt;&lt;li&gt;Tulis kode promo (Jika ada)&lt;/li&gt;&lt;li&gt;Masukkan No. whatsapp&lt;/li&gt;&lt;li&gt;Klik pesan sekarang &amp;amp; lakukan pembayaran&lt;/li&gt;&lt;li&gt;Selesai&lt;/li&gt;&lt;/ol&gt;', 'Contoh : 1839492828328', NULL, NULL, NULL, NULL, '2025-04-12 10:28:17', '2025-06-23 13:55:17', 'PLN'),
(43, 'Super Sus', 'PIProduction', 'super-sus', NULL, 'active', '/assets/thumbnail/20250522_032133.jpg', '/assets/banner_game/IMG-20250524-WA0018.jpg', 'game', 0, NULL, '&lt;p&gt;Cara Topup :&lt;/p&gt;&lt;ol&gt;&lt;li&gt;Masukkan Space ID&lt;/li&gt;&lt;li&gt;Pilih nominal&lt;/li&gt;&lt;li&gt;Pilih metode pembayaran&lt;/li&gt;&lt;li&gt;Tulis kode promo (Jika ada)&lt;/li&gt;&lt;li&gt;Masukkan No. whatsapp&lt;/li&gt;&lt;li&gt;Klik pesan sekarang &amp;amp; lakukan pembayaran&lt;/li&gt;&lt;li&gt;Selesai&lt;/li&gt;&lt;/ol&gt;', 'Masukkan Space ID Contoh : 638294928', NULL, NULL, NULL, NULL, '2025-05-29 13:43:27', '2025-06-23 13:54:41', 'Super Sus'),
(44, 'Magic Chess', 'Moonton', 'magic-chess', NULL, 'active', '/assets/thumbnail/20250522_032836.jpg', '/assets/banner_game/IMG-20250524-WA0018.jpg', 'game', 0, NULL, '&lt;p&gt;Cara Topup :&lt;/p&gt;&lt;ol&gt;&lt;li&gt;Masukkan ID &amp; Server&lt;/li&gt;&lt;li&gt;Pilih nominal&lt;/li&gt;&lt;li&gt;Pilih metode pembayaran&lt;/li&gt;&lt;li&gt;Tulis kode promo (Jika ada)&lt;/li&gt;&lt;li&gt;Masukkan No. whatsapp&lt;/li&gt;&lt;li&gt;Klik pesan sekarang &amp;amp; lakukan pembayaran&lt;/li&gt;&lt;li&gt;Selesai&lt;/li&gt;&lt;/ol&gt;', 'Contoh: 123455789 (12345) maka ID = 123456789 dan ID Server = 12345', NULL, NULL, NULL, NULL, '2025-05-29 13:53:44', '2025-06-23 13:54:55', 'Magic Chess'),
(45, '8 Ball Pool', 'Miniclip', '8-ball-pool', NULL, 'active', '/assets/thumbnail/20250522_033744.jpg', '/assets/banner_game/IMG-20250524-WA0018.jpg', 'game', 0, NULL, '&lt;p&gt;Cara Topup :&lt;/p&gt;&lt;ol&gt;&lt;li&gt;Masukkan Unique ID&lt;/li&gt;&lt;li&gt;Pilih nominal&lt;/li&gt;&lt;li&gt;Pilih metode pembayaran&lt;/li&gt;&lt;li&gt;Tulis kode promo (Jika ada)&lt;/li&gt;&lt;li&gt;Masukkan No. whatsapp&lt;/li&gt;&lt;li&gt;Klik pesan sekarang &amp;amp; lakukan pembayaran&lt;/li&gt;&lt;li&gt;Selesai&lt;/li&gt;&lt;/ol&gt;', 'Masukkan Unique ID Contoh : 6372937292', NULL, NULL, NULL, NULL, '2025-05-29 14:01:31', '2025-06-23 13:55:31', '8 Ball Pool'),
(46, 'Valorant', 'Riot Games', 'valorant', NULL, 'active', '/assets/thumbnail/20250522_034224.jpg', '/assets/banner_game/IMG-20250524-WA0018.jpg', 'game', 0, NULL, '&lt;p&gt;Cara Topup :&lt;/p&gt;&lt;ol&gt;&lt;li&gt;Masukkan RiotID#Tag&lt;/li&gt;&lt;li&gt;Pilih nominal&lt;/li&gt;&lt;li&gt;Pilih metode pembayaran&lt;/li&gt;&lt;li&gt;Tulis kode promo (Jika ada)&lt;/li&gt;&lt;li&gt;Masukkan No. whatsapp&lt;/li&gt;&lt;li&gt;Klik pesan sekarang &amp;amp; lakukan pembayaran&lt;/li&gt;&lt;li&gt;Selesai&lt;/li&gt;&lt;/ol&gt;', 'Masukkan Riot ID#Tag Contoh : Bangirul#1234', NULL, NULL, NULL, NULL, '2025-05-29 14:06:14', '2025-06-23 13:55:45', 'Valorant'),
(47, 'DANA', 'E-Wallet', 'dana', NULL, 'active', '/assets/thumbnail/20250522_130352.jpg', '/assets/banner_game/Black Orange Minimalis Offline Gaming Banner Landscape_20250522_023902_0000.jpg', 'voucher2', 0, NULL, '&lt;p&gt;Cara Topup :&lt;/p&gt;&lt;ol&gt;&lt;li&gt;Masukkan No HP&lt;/li&gt;&lt;li&gt;Pilih nominal&lt;/li&gt;&lt;li&gt;Pilih metode pembayaran&lt;/li&gt;&lt;li&gt;Tulis kode promo (Jika ada)&lt;/li&gt;&lt;li&gt;Masukkan No. whatsapp&lt;/li&gt;&lt;li&gt;Klik pesan sekarang &amp;amp; lakukan pembayaran&lt;/li&gt;&lt;li&gt;Selesai&lt;/li&gt;&lt;/ol&gt;', 'Masukan Nomor HP Contoh : 0857xxxxxxxx', NULL, NULL, NULL, NULL, '2025-05-29 14:09:55', '2025-06-23 13:56:03', 'DANA'),
(48, 'GO PAY', 'E-Wallet', 'gopay', NULL, 'active', '/assets/thumbnail/20250522_130449.jpg', '/assets/banner_game/Black Orange Minimalis Offline Gaming Banner Landscape_20250522_023902_0000.jpg', 'voucher2', 0, NULL, '&lt;p&gt;Cara Topup :&lt;/p&gt;&lt;ol&gt;&lt;li&gt;Masukkan No HP&lt;/li&gt;&lt;li&gt;Pilih nominal&lt;/li&gt;&lt;li&gt;Pilih metode pembayaran&lt;/li&gt;&lt;li&gt;Tulis kode promo (Jika ada)&lt;/li&gt;&lt;li&gt;Masukkan No. whatsapp&lt;/li&gt;&lt;li&gt;Klik pesan sekarang &amp;amp; lakukan pembayaran&lt;/li&gt;&lt;li&gt;Selesai&lt;/li&gt;&lt;/ol&gt;', 'Masukkan Nomor HP Contoh : 0857xxxxxxxx', NULL, NULL, NULL, NULL, '2025-05-29 14:11:56', '2025-06-23 13:56:15', 'GOPAY'),
(49, 'OVO', 'E-Wallet', 'ovo', NULL, 'active', '/assets/thumbnail/20250522_130416.jpg', '/assets/banner_game/Black Orange Minimalis Offline Gaming Banner Landscape_20250522_023902_0000.jpg', 'voucher2', 0, NULL, '&lt;p&gt;Cara Topup :&lt;/p&gt;&lt;ol&gt;&lt;li&gt;Masukkan No HP&lt;/li&gt;&lt;li&gt;Pilih nominal&lt;/li&gt;&lt;li&gt;Pilih metode pembayaran&lt;/li&gt;&lt;li&gt;Tulis kode promo (Jika ada)&lt;/li&gt;&lt;li&gt;Masukkan No. whatsapp&lt;/li&gt;&lt;li&gt;Klik pesan sekarang &amp;amp; lakukan pembayaran&lt;/li&gt;&lt;li&gt;Selesai&lt;/li&gt;&lt;/ol&gt;', 'Masukkan Nomor HP Contoh : 0857xxxxxxxxx', NULL, NULL, NULL, NULL, '2025-05-29 14:12:56', '2025-06-23 13:56:25', 'OVO'),
(50, 'LinkAja', 'E-Wallet', 'linkaja', NULL, 'active', '/assets/thumbnail/20250522_130510.jpg', '/assets/banner_game/Black Orange Minimalis Offline Gaming Banner Landscape_20250522_023902_0000.jpg', 'voucher2', 0, NULL, '&lt;p&gt;Cara Topup :&lt;/p&gt;&lt;ol&gt;&lt;li&gt;Masukkan No HP&lt;/li&gt;&lt;li&gt;Pilih nominal&lt;/li&gt;&lt;li&gt;Pilih metode pembayaran&lt;/li&gt;&lt;li&gt;Tulis kode promo (Jika ada)&lt;/li&gt;&lt;li&gt;Masukkan No. whatsapp&lt;/li&gt;&lt;li&gt;Klik pesan sekarang &amp;amp; lakukan pembayaran&lt;/li&gt;&lt;li&gt;Selesai&lt;/li&gt;&lt;/ol&gt;', 'Masukkan Nomor HP Contoh : 0857xxxxxxxx', NULL, NULL, NULL, NULL, '2025-05-29 14:14:45', '2025-06-23 13:56:40', 'LinkAja'),
(51, 'SHOPEE PAY', 'E-Wallet', 'shopeepay', NULL, 'active', '/assets/thumbnail/20250522_130528.jpg', '/assets/banner_game/Black Orange Minimalis Offline Gaming Banner Landscape_20250522_023902_0000.jpg', 'voucher2', 0, NULL, '&lt;p&gt;Cara Topup :&lt;/p&gt;&lt;ol&gt;&lt;li&gt;Masukkan No HP&lt;/li&gt;&lt;li&gt;Pilih nominal&lt;/li&gt;&lt;li&gt;Pilih metode pembayaran&lt;/li&gt;&lt;li&gt;Tulis kode promo (Jika ada)&lt;/li&gt;&lt;li&gt;Masukkan No. whatsapp&lt;/li&gt;&lt;li&gt;Klik pesan sekarang &amp;amp; lakukan pembayaran&lt;/li&gt;&lt;li&gt;Selesai&lt;/li&gt;&lt;/ol&gt;', 'Masukkan Nomor HP Contoh : 0857xxxxxxxx', NULL, NULL, NULL, NULL, '2025-05-29 14:16:04', '2025-06-23 13:56:57', 'ShopeePay');

-- --------------------------------------------------------

--
-- Struktur dari tabel `layanans`
--

CREATE TABLE `layanans` (
  `id` bigint UNSIGNED NOT NULL,
  `kategori_id` varchar(255) CHARACTER SET utf8mb4 COLLATE utf8mb4_unicode_ci NOT NULL,
  `layanan` varchar(255) CHARACTER SET utf8mb4 COLLATE utf8mb4_unicode_ci NOT NULL,
  `provider_id` varchar(255) CHARACTER SET utf8mb4 COLLATE utf8mb4_unicode_ci NOT NULL,
  `harga` bigint NOT NULL,
  `harga_member` bigint NOT NULL,
  `harga_platinum` bigint NOT NULL,
  `harga_gold` bigint NOT NULL,
  `harga_flash_sale` bigint DEFAULT '0',
  `profit` int NOT NULL,
  `profit_member` int NOT NULL,
  `profit_platinum` int NOT NULL,
  `profit_gold` int NOT NULL,
  `is_flash_sale` tinyint NOT NULL DEFAULT '0',
  `judul_flash_sale` text CHARACTER SET utf8mb4 COLLATE utf8mb4_unicode_ci,
  `banner_flash_sale` text CHARACTER SET utf8mb4 COLLATE utf8mb4_unicode_ci,
  `stock_flash_sale` int DEFAULT NULL,
  `expired_flash_sale` datetime DEFAULT NULL,
  `catatan` longtext CHARACTER SET utf8mb4 COLLATE utf8mb4_unicode_ci NOT NULL,
  `status` varchar(255) CHARACTER SET utf8mb4 COLLATE utf8mb4_unicode_ci NOT NULL,
  `provider` varchar(255) CHARACTER SET utf8mb4 COLLATE utf8mb4_unicode_ci NOT NULL,
  `product_logo` varchar(255) CHARACTER SET utf8mb4 COLLATE utf8mb4_unicode_ci DEFAULT NULL,
  `created_at` timestamp NULL DEFAULT NULL,
  `updated_at` timestamp NULL DEFAULT NULL
) ENGINE=InnoDB DEFAULT CHARSET=utf8mb4 COLLATE=utf8mb4_unicode_ci;

--
-- Dumping data untuk tabel `layanans`
--

INSERT INTO `layanans` (`id`, `kategori_id`, `layanan`, `provider_id`, `harga`, `harga_member`, `harga_platinum`, `harga_gold`, `harga_flash_sale`, `profit`, `profit_member`, `profit_platinum`, `profit_gold`, `is_flash_sale`, `judul_flash_sale`, `banner_flash_sale`, `stock_flash_sale`, `expired_flash_sale`, `catatan`, `status`, `provider`, `product_logo`, `created_at`, `updated_at`) VALUES
(8272, '1', '10 Diamond', 'ML10', 2997, 2968, 2940, 2912, 0, 6, 5, 4, 3, 0, NULL, NULL, NULL, NULL, '', 'available', 'digiflazz', NULL, NULL, NULL),
(8273, '1', '100 Diamond', 'ML100', 27708, 27447, 27186, 26924, 0, 6, 5, 4, 3, 0, NULL, NULL, NULL, NULL, '', 'available', 'digiflazz', NULL, NULL, NULL),
(8274, '1', '10050 Diamond', 'ML10050', 2481407, 2457998, 2434588, 2411179, 0, 6, 5, 4, 3, 0, NULL, NULL, NULL, NULL, '', 'available', 'digiflazz', NULL, NULL, NULL),
(8275, '1', '1050 Diamond', 'ML1050', 271005, 268448, 265892, 263335, 0, 6, 5, 4, 3, 0, NULL, NULL, NULL, NULL, '', 'available', 'digiflazz', NULL, NULL, NULL),
(8276, '1', '1065 Diamond', 'ML1065', 276541, 273932, 271324, 268715, 0, 6, 5, 4, 3, 0, NULL, NULL, NULL, NULL, '', 'available', 'digiflazz', NULL, NULL, NULL),
(8277, '1', '11 Diamond', 'ML11', 3564, 3530, 3496, 3463, 0, 6, 5, 4, 3, 0, NULL, NULL, NULL, NULL, '', 'available', 'digiflazz', NULL, NULL, NULL),
(8278, '1', '113 Diamond', 'ML113', 31003, 30710, 30418, 30125, 0, 6, 5, 4, 3, 0, NULL, NULL, NULL, NULL, '', 'available', 'digiflazz', NULL, NULL, NULL),
(8279, '1', '1135 Diamond', 'ML1135', 294566, 291787, 289008, 286229, 0, 6, 5, 4, 3, 0, NULL, NULL, NULL, NULL, '', 'available', 'digiflazz', NULL, NULL, NULL),
(8280, '1', '1136 Diamond', 'ML1136', 294382, 291605, 288828, 286051, 0, 6, 5, 4, 3, 0, NULL, NULL, NULL, NULL, '', 'available', 'digiflazz', NULL, NULL, NULL),
(8281, '1', '12 Diamond', 'ML12', 3515, 3482, 3449, 3415, 0, 6, 5, 4, 3, 0, NULL, NULL, NULL, NULL, '', 'available', 'digiflazz', NULL, NULL, NULL),
(8282, '1', '1220 Diamond', 'ML1220', 316740, 313752, 310763, 307775, 0, 6, 5, 4, 3, 0, NULL, NULL, NULL, NULL, '', 'available', 'digiflazz', NULL, NULL, NULL),
(8283, '1', '129 Diamond', 'ML129', 35557, 35221, 34886, 34550, 0, 6, 5, 4, 3, 0, NULL, NULL, NULL, NULL, '', 'available', 'digiflazz', NULL, NULL, NULL),
(8284, '1', '14 Diamond', 'ML14', 4028, 3990, 3952, 3914, 0, 6, 5, 4, 3, 0, NULL, NULL, NULL, NULL, '', 'available', 'digiflazz', NULL, NULL, NULL),
(8285, '1', '140 Diamond', 'ML140', 39008, 38640, 38272, 37904, 0, 6, 5, 4, 3, 0, NULL, NULL, NULL, NULL, '', 'available', 'digiflazz', NULL, NULL, NULL),
(8286, '1', '1412 Diamond', 'ML1412', 368690, 365212, 361734, 358256, 0, 6, 5, 4, 3, 0, NULL, NULL, NULL, NULL, '', 'available', 'digiflazz', NULL, NULL, NULL),
(8287, '1', '1443 Diamond', 'ML1443', 376784, 373230, 369675, 366121, 0, 6, 5, 4, 3, 0, NULL, NULL, NULL, NULL, '', 'available', 'digiflazz', NULL, NULL, NULL),
(8288, '1', '1446 Diamond', 'ML1446', 385522, 381885, 378248, 374611, 0, 6, 5, 4, 3, 0, NULL, NULL, NULL, NULL, '', 'available', 'digiflazz', NULL, NULL, NULL),
(8289, '1', '1453 Diamond', 'ML1453', 380901, 377308, 373715, 370121, 0, 6, 5, 4, 3, 0, NULL, NULL, NULL, NULL, '', 'available', 'digiflazz', NULL, NULL, NULL),
(8290, '1', '15 Diamond', 'ML15', 4558, 4515, 4472, 4429, 0, 6, 5, 4, 3, 0, NULL, NULL, NULL, NULL, '', 'available', 'digiflazz', NULL, NULL, NULL),
(8291, '1', '150 Diamond', 'ML150', 41233, 40844, 40455, 40066, 0, 6, 5, 4, 3, 0, NULL, NULL, NULL, NULL, '', 'available', 'digiflazz', NULL, NULL, NULL),
(8292, '1', '1584 Diamond', 'ML1584', 415707, 411785, 407863, 403941, 0, 6, 5, 4, 3, 0, NULL, NULL, NULL, NULL, '', 'available', 'digiflazz', NULL, NULL, NULL),
(8293, '1', '16080 Diamond', 'ML16080', 3974195, 3936703, 3899211, 3861718, 0, 6, 5, 4, 3, 0, NULL, NULL, NULL, NULL, '', 'available', 'digiflazz', NULL, NULL, NULL),
(8294, '1', '1669 Diamond', 'ML1669', 447097, 442880, 438662, 434444, 0, 6, 5, 4, 3, 0, NULL, NULL, NULL, NULL, '', 'available', 'digiflazz', NULL, NULL, NULL),
(8295, '1', '170 Diamond', 'ML170', 46440, 46002, 45563, 45125, 0, 6, 5, 4, 3, 0, NULL, NULL, NULL, NULL, '', 'available', 'digiflazz', NULL, NULL, NULL),
(8296, '1', '172 Diamond', 'ML172', 46739, 46298, 45857, 45416, 0, 6, 5, 4, 3, 0, NULL, NULL, NULL, NULL, '', 'available', 'digiflazz', NULL, NULL, NULL),
(8297, '1', '182 Diamond', 'ML182', 49887, 49416, 48946, 48475, 0, 6, 5, 4, 3, 0, NULL, NULL, NULL, NULL, '', 'available', 'digiflazz', NULL, NULL, NULL),
(8298, '1', '1830 Diamond', 'ML1830', 480949, 476411, 471874, 467337, 0, 6, 5, 4, 3, 0, NULL, NULL, NULL, NULL, '', 'available', 'digiflazz', NULL, NULL, NULL),
(8299, '1', '185 Diamond', 'ML185', 50333, 49858, 49383, 48909, 0, 6, 5, 4, 3, 0, NULL, NULL, NULL, NULL, '', 'available', 'digiflazz', NULL, NULL, NULL),
(8300, '1', '19 Diamond', 'ML19', 5570, 5518, 5465, 5413, 0, 6, 5, 4, 3, 0, NULL, NULL, NULL, NULL, '', 'available', 'digiflazz', NULL, NULL, NULL),
(8301, '1', '194 Diamond', 'ML194', 53731, 53225, 52718, 52211, 0, 6, 5, 4, 3, 0, NULL, NULL, NULL, NULL, '', 'available', 'digiflazz', NULL, NULL, NULL),
(8302, '1', '20 Diamond', 'ML20', 6084, 6027, 5970, 5912, 0, 6, 5, 4, 3, 0, NULL, NULL, NULL, NULL, '', 'available', 'digiflazz', NULL, NULL, NULL),
(8303, '1', '200 Diamond', 'ML200', 54439, 53926, 53412, 52899, 0, 6, 5, 4, 3, 0, NULL, NULL, NULL, NULL, '', 'available', 'digiflazz', NULL, NULL, NULL),
(8304, '1', '2010 Diamond', 'ML2010', 497765, 493070, 488374, 483678, 0, 6, 5, 4, 3, 0, NULL, NULL, NULL, NULL, '', 'available', 'digiflazz', NULL, NULL, NULL),
(8305, '1', '20100 Diamond', 'ML20100', 4962788, 4915969, 4869150, 4822331, 0, 6, 5, 4, 3, 0, NULL, NULL, NULL, NULL, '', 'available', 'digiflazz', NULL, NULL, NULL),
(8306, '1', '210 Diamond', 'ML210', 58279, 57729, 57179, 56629, 0, 6, 5, 4, 3, 0, NULL, NULL, NULL, NULL, '', 'available', 'digiflazz', NULL, NULL, NULL),
(8307, '1', '21330 Diamond', 'ML21330', 5335539, 5285203, 5234868, 5184533, 0, 6, 5, 4, 3, 0, NULL, NULL, NULL, NULL, '', 'available', 'digiflazz', NULL, NULL, NULL),
(8308, '1', '2195 Diamond', 'ML2195', 546543, 541387, 536231, 531075, 0, 6, 5, 4, 3, 0, NULL, NULL, NULL, NULL, '', 'available', 'digiflazz', NULL, NULL, NULL),
(8309, '1', '220 Diamond', 'ML220', 59731, 59168, 58604, 58041, 0, 6, 5, 4, 3, 0, NULL, NULL, NULL, NULL, '', 'available', 'digiflazz', NULL, NULL, NULL),
(8310, '1', '2232 Diamond', 'ML2232', 567256, 561904, 556553, 551201, 0, 6, 5, 4, 3, 0, NULL, NULL, NULL, NULL, '', 'available', 'digiflazz', NULL, NULL, NULL),
(8311, '1', '225 Diamond', 'ML225', 60796, 60223, 59649, 59076, 0, 6, 5, 4, 3, 0, NULL, NULL, NULL, NULL, '', 'available', 'digiflazz', NULL, NULL, NULL),
(8312, '1', '228 Diamond', 'ML228', 61757, 61174, 60591, 60009, 0, 6, 5, 4, 3, 0, NULL, NULL, NULL, NULL, '', 'available', 'digiflazz', NULL, NULL, NULL),
(8313, '1', '240 Diamond', 'ML240', 64591, 63982, 63372, 62763, 0, 6, 5, 4, 3, 0, NULL, NULL, NULL, NULL, '', 'available', 'digiflazz', NULL, NULL, NULL),
(8314, '1', '250 Diamond', 'ML250', 67769, 67130, 66490, 65851, 0, 6, 5, 4, 3, 0, NULL, NULL, NULL, NULL, '', 'available', 'digiflazz', NULL, NULL, NULL),
(8315, '1', '2539 Diamond', 'ML2539', 640649, 634605, 628561, 622518, 0, 6, 5, 4, 3, 0, NULL, NULL, NULL, NULL, '', 'available', 'digiflazz', NULL, NULL, NULL),
(8316, '1', '257 Diamond', 'ML257', 69685, 69028, 68371, 67713, 0, 6, 5, 4, 3, 0, NULL, NULL, NULL, NULL, '', 'available', 'digiflazz', NULL, NULL, NULL),
(8317, '1', '276 Diamond', 'ML276', 74704, 73999, 73294, 72589, 0, 6, 5, 4, 3, 0, NULL, NULL, NULL, NULL, '', 'available', 'digiflazz', NULL, NULL, NULL),
(8318, '1', '28 Diamond', 'ML28', 8014, 7938, 7862, 7787, 0, 6, 5, 4, 3, 0, NULL, NULL, NULL, NULL, '', 'available', 'digiflazz', NULL, NULL, NULL),
(8319, '1', '280 Diamond', 'ML280', 75742, 75028, 74313, 73599, 0, 6, 5, 4, 3, 0, NULL, NULL, NULL, NULL, '', 'available', 'digiflazz', NULL, NULL, NULL),
(8320, '1', '284 Diamond', 'ML284', 76757, 76033, 75308, 74584, 0, 6, 5, 4, 3, 0, NULL, NULL, NULL, NULL, '', 'available', 'digiflazz', NULL, NULL, NULL),
(8321, '1', '2901 Diamond', 'ML2901', 731983, 725078, 718172, 711267, 0, 6, 5, 4, 3, 0, NULL, NULL, NULL, NULL, '', 'available', 'digiflazz', NULL, NULL, NULL),
(8322, '1', '296 Diamond', 'ML296', 79430, 78681, 77931, 77182, 0, 6, 5, 4, 3, 0, NULL, NULL, NULL, NULL, '', 'available', 'digiflazz', NULL, NULL, NULL),
(8323, '1', '3 Diamond', 'ML3', 1056, 1046, 1036, 1026, 0, 6, 5, 4, 3, 0, NULL, NULL, NULL, NULL, '', 'available', 'digiflazz', NULL, NULL, NULL),
(8324, '1', '300 Diamond', 'ML300', 80903, 80140, 79377, 78614, 0, 6, 5, 4, 3, 0, NULL, NULL, NULL, NULL, '', 'available', 'digiflazz', NULL, NULL, NULL),
(8325, '1', '305 Diamond', 'ML305', 83952, 83160, 82368, 81576, 0, 6, 5, 4, 3, 0, NULL, NULL, NULL, NULL, '', 'available', 'digiflazz', NULL, NULL, NULL),
(8326, '1', '3073 Diamond', 'ML3073', 770824, 763552, 756280, 749008, 0, 6, 5, 4, 3, 0, NULL, NULL, NULL, NULL, '', 'available', 'digiflazz', NULL, NULL, NULL),
(8327, '1', '323 Diamond', 'ML323', 89029, 88190, 87350, 86510, 0, 6, 5, 4, 3, 0, NULL, NULL, NULL, NULL, '', 'available', 'digiflazz', NULL, NULL, NULL),
(8328, '1', '33 Diamond', 'ML33', 9614, 9524, 9433, 9342, 0, 6, 5, 4, 3, 0, NULL, NULL, NULL, NULL, '', 'available', 'digiflazz', NULL, NULL, NULL),
(8329, '1', '344 Diamond', 'ML344', 92982, 92105, 91228, 90351, 0, 6, 5, 4, 3, 0, NULL, NULL, NULL, NULL, '', 'available', 'digiflazz', NULL, NULL, NULL),
(8330, '1', '355 Diamond', 'ML355', 95538, 94637, 93735, 92834, 0, 6, 5, 4, 3, 0, NULL, NULL, NULL, NULL, '', 'available', 'digiflazz', NULL, NULL, NULL),
(8331, '1', '36 Diamond', 'ML36', 10038, 9944, 9849, 9754, 0, 6, 5, 4, 3, 0, NULL, NULL, NULL, NULL, '', 'available', 'digiflazz', NULL, NULL, NULL),
(8332, '1', '3688 Diamond', 'ML3688', 934548, 925731, 916915, 908098, 0, 6, 5, 4, 3, 0, NULL, NULL, NULL, NULL, '', 'available', 'digiflazz', NULL, NULL, NULL),
(8333, '1', '370 Diamond', 'ML370', 99282, 98345, 97408, 96472, 0, 6, 5, 4, 3, 0, NULL, NULL, NULL, NULL, '', 'available', 'digiflazz', NULL, NULL, NULL),
(8334, '1', '372 Diamond', 'ML372', 100617, 99668, 98719, 97770, 0, 6, 5, 4, 3, 0, NULL, NULL, NULL, NULL, '', 'available', 'digiflazz', NULL, NULL, NULL),
(8335, '1', '3738 Diamond', 'ML3738', 948720, 939770, 930820, 921870, 0, 6, 5, 4, 3, 0, NULL, NULL, NULL, NULL, '', 'available', 'digiflazz', NULL, NULL, NULL),
(8336, '1', '3760 Diamond', 'ML3760', 956104, 947084, 938064, 929045, 0, 6, 5, 4, 3, 0, NULL, NULL, NULL, NULL, '', 'available', 'digiflazz', NULL, NULL, NULL),
(8337, '1', '380 Diamond', 'ML380', 102926, 101955, 100984, 100013, 0, 6, 5, 4, 3, 0, NULL, NULL, NULL, NULL, '', 'available', 'digiflazz', NULL, NULL, NULL),
(8338, '1', '381 Diamond', 'ML381', 104198, 103215, 102232, 101249, 0, 6, 5, 4, 3, 0, NULL, NULL, NULL, NULL, '', 'available', 'digiflazz', NULL, NULL, NULL),
(8339, '1', '4026 Diamond', 'ML4026', 994686, 985302, 975918, 966534, 0, 6, 5, 4, 3, 0, NULL, NULL, NULL, NULL, '', 'available', 'digiflazz', NULL, NULL, NULL),
(8340, '1', '408 Diamond', 'ML408', 110282, 109242, 108202, 107161, 0, 6, 5, 4, 3, 0, NULL, NULL, NULL, NULL, '', 'available', 'digiflazz', NULL, NULL, NULL),
(8341, '1', '429 Diamond', 'ML429', 115399, 114310, 113222, 112133, 0, 6, 5, 4, 3, 0, NULL, NULL, NULL, NULL, '', 'available', 'digiflazz', NULL, NULL, NULL),
(8342, '1', '4394 Diamond', 'ML4394', 1093345, 1083031, 1072716, 1062402, 0, 6, 5, 4, 3, 0, NULL, NULL, NULL, NULL, '', 'available', 'digiflazz', NULL, NULL, NULL),
(8343, '1', '44 Diamond', 'ML44', 12118, 12004, 11889, 11775, 0, 6, 5, 4, 3, 0, NULL, NULL, NULL, NULL, '', 'available', 'digiflazz', NULL, NULL, NULL),
(8344, '1', '440 Diamond', 'ML440', 119357, 118231, 117105, 115979, 0, 6, 5, 4, 3, 0, NULL, NULL, NULL, NULL, '', 'available', 'digiflazz', NULL, NULL, NULL),
(8345, '1', '448 Diamond', 'ML448', 120764, 119624, 118485, 117346, 0, 6, 5, 4, 3, 0, NULL, NULL, NULL, NULL, '', 'available', 'digiflazz', NULL, NULL, NULL),
(8346, '1', '453 Diamond', 'ML453', 122748, 121590, 120432, 119274, 0, 6, 5, 4, 3, 0, NULL, NULL, NULL, NULL, '', 'available', 'digiflazz', NULL, NULL, NULL),
(8347, '1', '4588 Diamond', 'ML4588', 1157881, 1146958, 1136035, 1125111, 0, 6, 5, 4, 3, 0, NULL, NULL, NULL, NULL, '', 'available', 'digiflazz', NULL, NULL, NULL),
(8348, '1', '4830 Diamond', 'ML4830', 1188790, 1177575, 1166360, 1155145, 0, 6, 5, 4, 3, 0, NULL, NULL, NULL, NULL, '', 'available', 'digiflazz', NULL, NULL, NULL),
(8349, '1', '5 Diamond', 'ML5', 1514, 1499, 1485, 1471, 0, 6, 5, 4, 3, 0, NULL, NULL, NULL, NULL, '', 'available', 'digiflazz', NULL, NULL, NULL),
(8350, '1', '50 Diamond', 'ML50', 14278, 14144, 14009, 13874, 0, 6, 5, 4, 3, 0, NULL, NULL, NULL, NULL, '', 'available', 'digiflazz', NULL, NULL, NULL),
(8351, '1', 'First Top Up 500+Bonus Diamonds (Indonesia)', 'ML500', 153987, 152535, 151082, 149629, 0, 6, 5, 4, 3, 0, NULL, NULL, NULL, NULL, '', 'available', 'digiflazz', NULL, NULL, NULL),
(8352, '1', '514 Diamond', 'ML514', 140821, 139493, 138164, 136836, 0, 6, 5, 4, 3, 0, NULL, NULL, NULL, NULL, '', 'available', 'digiflazz', NULL, NULL, NULL),
(8353, '1', '530 Diamond', 'ML530', 142888, 141540, 140192, 138844, 0, 6, 5, 4, 3, 0, NULL, NULL, NULL, NULL, '', 'available', 'digiflazz', NULL, NULL, NULL),
(8354, '1', '5398 Diamond', 'ML5398', 1359130, 1346308, 1333486, 1320664, 0, 6, 5, 4, 3, 0, NULL, NULL, NULL, NULL, '', 'available', 'digiflazz', NULL, NULL, NULL),
(8355, '1', '54 Diamond', 'ML54', 15129, 14987, 14844, 14701, 0, 6, 5, 4, 3, 0, NULL, NULL, NULL, NULL, '', 'available', 'digiflazz', NULL, NULL, NULL),
(8356, '1', '565 Diamond', 'ML565', 151919, 150486, 149053, 147620, 0, 6, 5, 4, 3, 0, NULL, NULL, NULL, NULL, '', 'available', 'digiflazz', NULL, NULL, NULL),
(8357, '1', '568 Diamond', 'ML568', 151099, 149673, 148248, 146822, 0, 6, 5, 4, 3, 0, NULL, NULL, NULL, NULL, '', 'available', 'digiflazz', NULL, NULL, NULL),
(8358, '1', '570 Diamond', 'ML570', 152534, 151095, 149656, 148217, 0, 6, 5, 4, 3, 0, NULL, NULL, NULL, NULL, '', 'available', 'digiflazz', NULL, NULL, NULL),
(8359, '1', '5796 Diamond', 'ML5796', 1446900, 1433250, 1419600, 1405950, 0, 6, 5, 4, 3, 0, NULL, NULL, NULL, NULL, '', 'available', 'digiflazz', NULL, NULL, NULL),
(8360, '1', '59 Diamond', 'ML59', 16154, 16002, 15850, 15697, 0, 6, 5, 4, 3, 0, NULL, NULL, NULL, NULL, '', 'available', 'digiflazz', NULL, NULL, NULL),
(8361, '1', '600 Diamond', 'ML600', 160961, 159443, 157924, 156406, 0, 6, 5, 4, 3, 0, NULL, NULL, NULL, NULL, '', 'available', 'digiflazz', NULL, NULL, NULL),
(8362, '1', '6030 Diamond', 'ML6030', 1510201, 1495954, 1481707, 1467460, 0, 6, 5, 4, 3, 0, NULL, NULL, NULL, NULL, '', 'available', 'digiflazz', NULL, NULL, NULL),
(8363, '1', '635 Diamond', 'ML635', 170130, 168525, 166920, 165315, 0, 6, 5, 4, 3, 0, NULL, NULL, NULL, NULL, '', 'available', 'digiflazz', NULL, NULL, NULL),
(8364, '1', '642 Diamond', 'ML642', 170766, 169155, 167544, 165933, 0, 6, 5, 4, 3, 0, NULL, NULL, NULL, NULL, '', 'available', 'digiflazz', NULL, NULL, NULL),
(8365, '1', '65 Diamond', 'ML65', 18973, 18794, 18615, 18436, 0, 6, 5, 4, 3, 0, NULL, NULL, NULL, NULL, '', 'available', 'digiflazz', NULL, NULL, NULL),
(8366, '1', '659 Diamond', 'ML659', 177232, 175560, 173888, 172216, 0, 6, 5, 4, 3, 0, NULL, NULL, NULL, NULL, '', 'available', 'digiflazz', NULL, NULL, NULL),
(8367, '1', '666 Diamond', 'ML666', 178508, 176824, 175140, 173456, 0, 6, 5, 4, 3, 0, NULL, NULL, NULL, NULL, '', 'available', 'digiflazz', NULL, NULL, NULL),
(8368, '1', '67 Diamond', 'ML67', 18863, 18685, 18507, 18329, 0, 6, 5, 4, 3, 0, NULL, NULL, NULL, NULL, '', 'available', 'digiflazz', NULL, NULL, NULL),
(8369, '1', '706 Diamond', 'ML706', 187967, 186193, 184420, 182647, 0, 6, 5, 4, 3, 0, NULL, NULL, NULL, NULL, '', 'available', 'digiflazz', NULL, NULL, NULL),
(8370, '1', '71 Diamond', 'ML71', 19650, 19465, 19280, 19094, 0, 6, 5, 4, 3, 0, NULL, NULL, NULL, NULL, '', 'available', 'digiflazz', NULL, NULL, NULL),
(8371, '1', '716 Diamond', 'ML716', 192742, 190924, 189105, 187287, 0, 6, 5, 4, 3, 0, NULL, NULL, NULL, NULL, '', 'available', 'digiflazz', NULL, NULL, NULL),
(8372, '1', '74 Diamond', 'ML74', 19886, 19698, 19510, 19323, 0, 6, 5, 4, 3, 0, NULL, NULL, NULL, NULL, '', 'available', 'digiflazz', NULL, NULL, NULL),
(8373, '1', '750 Diamond', 'ML750', 200550, 198658, 196766, 194874, 0, 6, 5, 4, 3, 0, NULL, NULL, NULL, NULL, '', 'available', 'digiflazz', NULL, NULL, NULL),
(8374, '1', '758 Diamond', 'ML758', 204410, 202482, 200554, 198625, 0, 6, 5, 4, 3, 0, NULL, NULL, NULL, NULL, '', 'available', 'digiflazz', NULL, NULL, NULL),
(8375, '1', '760 Diamond', 'ML760', 202816, 200903, 198989, 197076, 0, 6, 5, 4, 3, 0, NULL, NULL, NULL, NULL, '', 'available', 'digiflazz', NULL, NULL, NULL),
(8376, '1', '7727 Diamond', 'ML7727', 1921757, 1903627, 1885497, 1867367, 0, 6, 5, 4, 3, 0, NULL, NULL, NULL, NULL, '', 'available', 'digiflazz', NULL, NULL, NULL),
(8377, '1', '790 Diamond', 'ML790', 213189, 211178, 209167, 207156, 0, 6, 5, 4, 3, 0, NULL, NULL, NULL, NULL, '', 'available', 'digiflazz', NULL, NULL, NULL),
(8378, '1', '792 Diamond', 'ML792', 211099, 209108, 207116, 205125, 0, 6, 5, 4, 3, 0, NULL, NULL, NULL, NULL, '', 'available', 'digiflazz', NULL, NULL, NULL),
(8379, '1', '8040 Diamond', 'ML8040', 1987111, 1968365, 1949618, 1930872, 0, 6, 5, 4, 3, 0, NULL, NULL, NULL, NULL, '', 'available', 'digiflazz', NULL, NULL, NULL),
(8380, '1', '85 Diamond', 'ML85', 23108, 22890, 22672, 22454, 0, 6, 5, 4, 3, 0, NULL, NULL, NULL, NULL, '', 'available', 'digiflazz', NULL, NULL, NULL),
(8381, '1', '86 Diamond', 'ML86', 23411, 23190, 22969, 22749, 0, 6, 5, 4, 3, 0, NULL, NULL, NULL, NULL, '', 'available', 'digiflazz', NULL, NULL, NULL),
(8382, '1', '875 Diamond', 'ML875', 231590, 229405, 227220, 225035, 0, 6, 5, 4, 3, 0, NULL, NULL, NULL, NULL, '', 'available', 'digiflazz', NULL, NULL, NULL),
(8383, '1', '8772 Diamond', 'ML8772', 2210008, 2189159, 2168310, 2147460, 0, 6, 5, 4, 3, 0, NULL, NULL, NULL, NULL, '', 'available', 'digiflazz', NULL, NULL, NULL),
(8384, '1', '878 Diamond', 'ML878', 232405, 230213, 228020, 225828, 0, 6, 5, 4, 3, 0, NULL, NULL, NULL, NULL, '', 'available', 'digiflazz', NULL, NULL, NULL),
(8385, '1', '882 Diamond', 'ML882', 234578, 232365, 230152, 227939, 0, 6, 5, 4, 3, 0, NULL, NULL, NULL, NULL, '', 'available', 'digiflazz', NULL, NULL, NULL),
(8386, '1', '8850 Diamond', 'ML8850', 2196320, 2175600, 2154880, 2134160, 0, 6, 5, 4, 3, 0, NULL, NULL, NULL, NULL, '', 'available', 'digiflazz', NULL, NULL, NULL),
(8387, '1', '89 Diamond', 'ML89', 24951, 24716, 24481, 24245, 0, 6, 5, 4, 3, 0, NULL, NULL, NULL, NULL, '', 'available', 'digiflazz', NULL, NULL, NULL),
(8388, '1', '9288 Diamond', 'ML9288', 2305585, 2283834, 2262083, 2240332, 0, 6, 5, 4, 3, 0, NULL, NULL, NULL, NULL, '', 'available', 'digiflazz', NULL, NULL, NULL),
(8389, '1', '963 Diamond', 'ML963', 248407, 246063, 243720, 241376, 0, 6, 5, 4, 3, 0, NULL, NULL, NULL, NULL, '', 'available', 'digiflazz', NULL, NULL, NULL),
(8390, '1', '966 Diamond', 'ML966', 255619, 253208, 250796, 248385, 0, 6, 5, 4, 3, 0, NULL, NULL, NULL, NULL, '', 'available', 'digiflazz', NULL, NULL, NULL),
(8391, '1', '9660 Diamond', 'ML9660', 2382150, 2359677, 2337203, 2314730, 0, 6, 5, 4, 3, 0, NULL, NULL, NULL, NULL, '', 'available', 'digiflazz', NULL, NULL, NULL),
(8392, '1', '1.050 Diamonds (Brazil)', 'MLBRL1050', 199032, 197154, 195277, 193399, 0, 6, 5, 4, 3, 0, NULL, NULL, NULL, NULL, '', 'available', 'digiflazz', NULL, NULL, NULL),
(8393, '1', '1.135 Diamonds (Brazil)', 'MLBRL1135', 215604, 213570, 211536, 209502, 0, 6, 5, 4, 3, 0, NULL, NULL, NULL, NULL, '', 'available', 'digiflazz', NULL, NULL, NULL),
(8394, '1', '1.220 Diamonds (Brazil)', 'MLBRL1220', 231886, 229698, 227510, 225323, 0, 6, 5, 4, 3, 0, NULL, NULL, NULL, NULL, '', 'available', 'digiflazz', NULL, NULL, NULL),
(8395, '1', '1.346 Diamonds (Brazil)', 'MLBRL1346', 248892, 246544, 244196, 241848, 0, 6, 5, 4, 3, 0, NULL, NULL, NULL, NULL, '', 'available', 'digiflazz', NULL, NULL, NULL),
(8396, '1', '1.412 Diamonds (Brazil)', 'MLBRL1412', 266204, 263693, 261181, 258670, 0, 6, 5, 4, 3, 0, NULL, NULL, NULL, NULL, '', 'available', 'digiflazz', NULL, NULL, NULL),
(8397, '1', '1.669 Diamonds (Brazil)', 'MLBRL1669', 316311, 313327, 310343, 307359, 0, 6, 5, 4, 3, 0, NULL, NULL, NULL, NULL, '', 'available', 'digiflazz', NULL, NULL, NULL),
(8398, '1', '172 Diamonds (Brazil)', 'MLBRL172', 33357, 33042, 32728, 32413, 0, 6, 5, 4, 3, 0, NULL, NULL, NULL, NULL, '', 'available', 'digiflazz', NULL, NULL, NULL),
(8399, '1', '1.825 Diamonds (Brazil)', 'MLBRL1825', 331750, 328621, 325491, 322361, 0, 6, 5, 4, 3, 0, NULL, NULL, NULL, NULL, '', 'available', 'digiflazz', NULL, NULL, NULL),
(8400, '1', '1.926 Diamonds (Brazil)', 'MLBRL1926', 347707, 344426, 341146, 337866, 0, 6, 5, 4, 3, 0, NULL, NULL, NULL, NULL, '', 'available', 'digiflazz', NULL, NULL, NULL),
(8401, '1', '2.014 Diamonds (Brazil)', 'MLBRL2014', 363501, 360071, 356642, 353213, 0, 6, 5, 4, 3, 0, NULL, NULL, NULL, NULL, '', 'available', 'digiflazz', NULL, NULL, NULL),
(8402, '1', '2.195 Diamonds (Brazil)', 'MLBRL2195', 398182, 394425, 390669, 386912, 0, 6, 5, 4, 3, 0, NULL, NULL, NULL, NULL, '', 'available', 'digiflazz', NULL, NULL, NULL),
(8403, '1', '257 Diamonds (Brazil)', 'MLBRL257', 49596, 49128, 48661, 48193, 0, 6, 5, 4, 3, 0, NULL, NULL, NULL, NULL, '', 'available', 'digiflazz', NULL, NULL, NULL),
(8404, '1', '2.901 Diamonds (Brazil)', 'MLBRL2901', 530901, 525893, 520884, 515876, 0, 6, 5, 4, 3, 0, NULL, NULL, NULL, NULL, '', 'available', 'digiflazz', NULL, NULL, NULL),
(8405, '1', '344 Diamonds (Brazil)', 'MLBRL344', 66313, 65687, 65061, 64436, 0, 6, 5, 4, 3, 0, NULL, NULL, NULL, NULL, '', 'available', 'digiflazz', NULL, NULL, NULL),
(8406, '1', '3.688 Diamonds (Brazil)', 'MLBRL3688', 663473, 657214, 650955, 644696, 0, 6, 5, 4, 3, 0, NULL, NULL, NULL, NULL, '', 'available', 'digiflazz', NULL, NULL, NULL),
(8407, '1', '429 Diamonds (Brazil)', 'MLBRL429', 83247, 82462, 81676, 80891, 0, 6, 5, 4, 3, 0, NULL, NULL, NULL, NULL, '', 'available', 'digiflazz', NULL, NULL, NULL),
(8408, '1', '516 Diamonds (Brazil)', 'MLBRL516', 99602, 98662, 97723, 96783, 0, 6, 5, 4, 3, 0, NULL, NULL, NULL, NULL, '', 'available', 'digiflazz', NULL, NULL, NULL),
(8409, '1', '5.532 Diamonds (Brazil)', 'MLBRL5532', 995342, 985952, 976562, 967172, 0, 6, 5, 4, 3, 0, NULL, NULL, NULL, NULL, '', 'available', 'digiflazz', NULL, NULL, NULL),
(8410, '1', '600 Diamonds (Brazil)', 'MLBRL600', 116028, 114933, 113838, 112744, 0, 6, 5, 4, 3, 0, NULL, NULL, NULL, NULL, '', 'available', 'digiflazz', NULL, NULL, NULL),
(8411, '1', '706 Diamonds (Brazil)', 'MLBRL706', 132746, 131494, 130241, 128989, 0, 6, 5, 4, 3, 0, NULL, NULL, NULL, NULL, '', 'available', 'digiflazz', NULL, NULL, NULL),
(8412, '1', '792 Diamonds (Brazil)', 'MLBRL792', 149318, 147909, 146501, 145092, 0, 6, 5, 4, 3, 0, NULL, NULL, NULL, NULL, '', 'available', 'digiflazz', NULL, NULL, NULL),
(8413, '1', '86 Diamonds (Brazil)', 'MLBRL86', 16679, 16522, 16364, 16207, 0, 6, 5, 4, 3, 0, NULL, NULL, NULL, NULL, '', 'available', 'digiflazz', NULL, NULL, NULL),
(8414, '1', '878 Diamonds (Brazil)', 'MLBRL878', 165889, 164324, 162759, 161194, 0, 6, 5, 4, 3, 0, NULL, NULL, NULL, NULL, '', 'available', 'digiflazz', NULL, NULL, NULL),
(8415, '1', '9.288 Diamonds (Brazil)', 'MLBRL9288', 1658789, 1643140, 1627491, 1611842, 0, 6, 5, 4, 3, 0, NULL, NULL, NULL, NULL, '', 'available', 'digiflazz', NULL, NULL, NULL),
(8416, '1', '963 Diamonds (Brazil)', 'MLBRL963', 182316, 180596, 178876, 177156, 0, 6, 5, 4, 3, 0, NULL, NULL, NULL, NULL, '', 'available', 'digiflazz', NULL, NULL, NULL),
(8417, '1', 'First Top Up 150+Bonus Diamonds (Indonesia)', 'MLF150', 45794, 45362, 44930, 44498, 0, 6, 5, 4, 3, 0, NULL, NULL, NULL, NULL, '', 'available', 'digiflazz', NULL, NULL, NULL),
(8418, '1', 'First Top Up 250+Bonus Diamonds (Indonesia)', 'MLF250', 76567, 75845, 75122, 74400, 0, 6, 5, 4, 3, 0, NULL, NULL, NULL, NULL, '', 'available', 'digiflazz', NULL, NULL, NULL),
(8419, '1', 'First Top Up 50+Bonus Diamonds (Indonesia)', 'MLF50', 15376, 15231, 15086, 14941, 0, 6, 5, 4, 3, 0, NULL, NULL, NULL, NULL, '', 'available', 'digiflazz', NULL, NULL, NULL),
(8420, '1', 'First Top Up 250+25 Diamonds (Brazil)', 'MLFTBRL250', 52682, 52185, 51688, 51191, 0, 6, 5, 4, 3, 0, NULL, NULL, NULL, NULL, '', 'available', 'digiflazz', NULL, NULL, NULL),
(8421, '1', 'First Top Up 50+5 Diamonds (Brazil)', 'MLFTBRL50', 10622, 10522, 10422, 10322, 0, 6, 5, 4, 3, 0, NULL, NULL, NULL, NULL, '', 'available', 'digiflazz', NULL, NULL, NULL),
(8422, '1', 'First Top Up 500+65 Diamonds (Brazil)', 'MLFTBRL500', 107802, 106785, 105768, 104751, 0, 6, 5, 4, 3, 0, NULL, NULL, NULL, NULL, '', 'available', 'digiflazz', NULL, NULL, NULL),
(8423, '1', 'First Top Up 150+15 Diamonds (Brazil)', 'MLFTBRLFT150', 31861, 31561, 31260, 30960, 0, 6, 5, 4, 3, 0, NULL, NULL, NULL, NULL, '', 'available', 'digiflazz', NULL, NULL, NULL),
(8424, '1', 'First Top Up 150+15 Diamonds (Global)', 'MLFTG150', 36205, 35864, 35522, 35181, 0, 6, 5, 4, 3, 0, NULL, NULL, NULL, NULL, '', 'available', 'digiflazz', NULL, NULL, NULL),
(8425, '1', 'First Top Up 250+25 Diamonds (Global)', 'MLFTG250', 59663, 59100, 58537, 57975, 0, 6, 5, 4, 3, 0, NULL, NULL, NULL, NULL, '', 'available', 'digiflazz', NULL, NULL, NULL),
(8426, '1', 'First Top Up 50+5 Diamonds (Global)', 'MLFTG50', 12097, 11983, 11868, 11754, 0, 6, 5, 4, 3, 0, NULL, NULL, NULL, NULL, '', 'available', 'digiflazz', NULL, NULL, NULL),
(8427, '1', 'First Top Up 500+65 Diamonds (Global)', 'MLFTG500', 122298, 121144, 119990, 118836, 0, 6, 5, 4, 3, 0, NULL, NULL, NULL, NULL, '', 'available', 'digiflazz', NULL, NULL, NULL),
(8428, '1', 'First Top Up 150+Bonus Diamonds (Filipina)', 'MLFTPH150', 38803, 38437, 38071, 37705, 0, 6, 5, 4, 3, 0, NULL, NULL, NULL, NULL, '', 'available', 'digiflazz', NULL, NULL, NULL),
(8429, '1', 'First Top Up 250+Bonus Diamonds (Filipina)', 'MLFTPH250', 62836, 62243, 61650, 61057, 0, 6, 5, 4, 3, 0, NULL, NULL, NULL, NULL, '', 'available', 'digiflazz', NULL, NULL, NULL),
(8430, '1', 'First Top Up 50+Bonus Diamonds (Filipina)', 'MLFTPH50', 13133, 13010, 12886, 12762, 0, 6, 5, 4, 3, 0, NULL, NULL, NULL, NULL, '', 'available', 'digiflazz', NULL, NULL, NULL),
(8431, '1', 'First Top Up 500+Bonus Diamonds (Filipina)', 'MLFTPH500', 127266, 126065, 124864, 123664, 0, 6, 5, 4, 3, 0, NULL, NULL, NULL, NULL, '', 'available', 'digiflazz', NULL, NULL, NULL),
(8432, '1', '1.050 Diamonds (Global)', 'MLG1050', 232462, 230269, 228076, 225883, 0, 6, 5, 4, 3, 0, NULL, NULL, NULL, NULL, '', 'available', 'digiflazz', NULL, NULL, NULL),
(8433, '1', '1.220 Diamonds (Global)', 'MLG1220', 266010, 263501, 260991, 258482, 0, 6, 5, 4, 3, 0, NULL, NULL, NULL, NULL, '', 'available', 'digiflazz', NULL, NULL, NULL),
(8434, '1', '12.976 Diamonds (Global)', 'MLG12976', 2736925, 2711105, 2685285, 2659465, 0, 6, 5, 4, 3, 0, NULL, NULL, NULL, NULL, '', 'available', 'digiflazz', NULL, NULL, NULL),
(8435, '1', '1.412 Diamonds (Global)', 'MLG1412', 308556, 305646, 302735, 299824, 0, 6, 5, 4, 3, 0, NULL, NULL, NULL, NULL, '', 'available', 'digiflazz', NULL, NULL, NULL),
(8436, '1', '14.820 Diamonds (Global)', 'MLG14820', 3129691, 3100166, 3070641, 3041115, 0, 6, 5, 4, 3, 0, NULL, NULL, NULL, NULL, '', 'available', 'digiflazz', NULL, NULL, NULL),
(8437, '1', '1.669 Diamonds (Global)', 'MLG1669', 365954, 362502, 359050, 355597, 0, 6, 5, 4, 3, 0, NULL, NULL, NULL, NULL, '', 'available', 'digiflazz', NULL, NULL, NULL),
(8438, '1', '172 Diamonds (Global)', 'MLG172', 38558, 38194, 37830, 37466, 0, 6, 5, 4, 3, 0, NULL, NULL, NULL, NULL, '', 'available', 'digiflazz', NULL, NULL, NULL),
(8439, '1', '2.195 Diamonds (Global)', 'MLG2195', 460680, 456334, 451988, 447642, 0, 6, 5, 4, 3, 0, NULL, NULL, NULL, NULL, '', 'available', 'digiflazz', NULL, NULL, NULL),
(8440, '1', '2.539 Diamonds (Global)', 'MLG2539', 546303, 541149, 535995, 530841, 0, 6, 5, 4, 3, 0, NULL, NULL, NULL, NULL, '', 'available', 'digiflazz', NULL, NULL, NULL),
(8441, '1', '257 Diamonds (Global)', 'MLG257', 56264, 55733, 55202, 54671, 0, 6, 5, 4, 3, 0, NULL, NULL, NULL, NULL, '', 'available', 'digiflazz', NULL, NULL, NULL),
(8442, '1', '2.901 Diamonds (Global)', 'MLG2901', 621862, 615995, 610128, 604262, 0, 6, 5, 4, 3, 0, NULL, NULL, NULL, NULL, '', 'available', 'digiflazz', NULL, NULL, NULL),
(8443, '1', '344 Diamonds (Global)', 'MLG344', 78257, 77518, 76780, 76042, 0, 6, 5, 4, 3, 0, NULL, NULL, NULL, NULL, '', 'available', 'digiflazz', NULL, NULL, NULL),
(8444, '1', '3.688 Diamonds (Global)', 'MLG3688', 770079, 762815, 755550, 748285, 0, 6, 5, 4, 3, 0, NULL, NULL, NULL, NULL, '', 'available', 'digiflazz', NULL, NULL, NULL),
(8445, '1', '429 Diamonds (Global)', 'MLG429', 96338, 95429, 94520, 93612, 0, 6, 5, 4, 3, 0, NULL, NULL, NULL, NULL, '', 'available', 'digiflazz', NULL, NULL, NULL),
(8446, '1', '4.394 Diamonds (Global)', 'MLG4394', 934227, 925413, 916600, 907786, 0, 6, 5, 4, 3, 0, NULL, NULL, NULL, NULL, '', 'available', 'digiflazz', NULL, NULL, NULL),
(8447, '1', '514 Diamonds (Global)', 'MLG514', 112748, 111684, 110621, 109557, 0, 6, 5, 4, 3, 0, NULL, NULL, NULL, NULL, '', 'available', 'digiflazz', NULL, NULL, NULL),
(8448, '1', '5.532 Diamonds (Global)', 'MLG5532', 1164327, 1153343, 1142359, 1131375, 0, 6, 5, 4, 3, 0, NULL, NULL, NULL, NULL, '', 'available', 'digiflazz', NULL, NULL, NULL),
(8449, '1', '600 Diamonds (Global)', 'MLG600', 132656, 131404, 130153, 128901, 0, 6, 5, 4, 3, 0, NULL, NULL, NULL, NULL, '', 'available', 'digiflazz', NULL, NULL, NULL),
(8450, '1', '6.238 Diamonds (Global)', 'MLG6238', 1330119, 1317570, 1305022, 1292474, 0, 6, 5, 4, 3, 0, NULL, NULL, NULL, NULL, '', 'available', 'digiflazz', NULL, NULL, NULL),
(8451, '1', '706 Diamonds (Global)', 'MLG706', 152180, 150744, 149309, 147873, 0, 6, 5, 4, 3, 0, NULL, NULL, NULL, NULL, '', 'available', 'digiflazz', NULL, NULL, NULL),
(8452, '1', '7.727 Diamonds (Global)', 'MLG7727', 1625547, 1610212, 1594876, 1579541, 0, 6, 5, 4, 3, 0, NULL, NULL, NULL, NULL, '', 'available', 'digiflazz', NULL, NULL, NULL),
(8453, '1', '86 Diamonds (Global)', 'MLG86', 19422, 19239, 19056, 18873, 0, 6, 5, 4, 3, 0, NULL, NULL, NULL, NULL, '', 'available', 'digiflazz', NULL, NULL, NULL),
(8454, '1', '878 Diamonds (Global)', 'MLG878', 193295, 191472, 189648, 187825, 0, 6, 5, 4, 3, 0, NULL, NULL, NULL, NULL, '', 'available', 'digiflazz', NULL, NULL, NULL),
(8455, '1', '9.288 Diamonds (Global)', 'MLG9288', 1935035, 1916780, 1898525, 1880270, 0, 6, 5, 4, 3, 0, NULL, NULL, NULL, NULL, '', 'available', 'digiflazz', NULL, NULL, NULL),
(8456, '1', '963 Diamonds (Global)', 'MLG963', 211113, 209121, 207130, 205138, 0, 6, 5, 4, 3, 0, NULL, NULL, NULL, NULL, '', 'available', 'digiflazz', NULL, NULL, NULL),
(8457, '1', '1.084 Diamonds (Malaysia)', 'MLMY1084', 288988, 286262, 283535, 280809, 0, 6, 5, 4, 3, 0, NULL, NULL, NULL, NULL, '', 'available', 'digiflazz', NULL, NULL, NULL),
(8458, '1', '14 Diamonds (Malaysia)', 'MLMY14', 3823, 3787, 3751, 3715, 0, 6, 5, 4, 3, 0, NULL, NULL, NULL, NULL, '', 'available', 'digiflazz', NULL, NULL, NULL),
(8459, '1', '140 Diamonds (Malaysia)', 'MLMY140', 38211, 37850, 37490, 37129, 0, 6, 5, 4, 3, 0, NULL, NULL, NULL, NULL, '', 'available', 'digiflazz', NULL, NULL, NULL),
(8460, '1', '1.446 Diamonds (Malaysia)', 'MLMY1446', 381522, 377922, 374323, 370724, 0, 6, 5, 4, 3, 0, NULL, NULL, NULL, NULL, '', 'available', 'digiflazz', NULL, NULL, NULL),
(8461, '1', '284 Diamonds (Malaysia)', 'MLMY284', 74969, 74261, 73554, 72847, 0, 6, 5, 4, 3, 0, NULL, NULL, NULL, NULL, '', 'available', 'digiflazz', NULL, NULL, NULL),
(8462, '1', '2.976 Diamonds (Malaysia)', 'MLMY2976', 757311, 750166, 743022, 735877, 0, 6, 5, 4, 3, 0, NULL, NULL, NULL, NULL, '', 'available', 'digiflazz', NULL, NULL, NULL),
(8463, '1', '345 Diamonds (Malaysia)', 'MLMY345', 95694, 94791, 93888, 92985, 0, 6, 5, 4, 3, 0, NULL, NULL, NULL, NULL, '', 'available', 'digiflazz', NULL, NULL, NULL),
(8464, '1', '355 Diamonds (Malaysia)', 'MLMY355', 95276, 94377, 93478, 92579, 0, 6, 5, 4, 3, 0, NULL, NULL, NULL, NULL, '', 'available', 'digiflazz', NULL, NULL, NULL),
(8465, '1', '42 Diamonds (Malaysia)', 'MLMY42', 11441, 11333, 11225, 11117, 0, 6, 5, 4, 3, 0, NULL, NULL, NULL, NULL, '', 'available', 'digiflazz', NULL, NULL, NULL),
(8466, '1', '429 Diamonds (Malaysia)', 'MLMY429', 114326, 113248, 112169, 111091, 0, 6, 5, 4, 3, 0, NULL, NULL, NULL, NULL, '', 'available', 'digiflazz', NULL, NULL, NULL),
(8467, '1', '70 Diamonds (Malaysia)', 'MLMY70', 19061, 18881, 18701, 18521, 0, 6, 5, 4, 3, 0, NULL, NULL, NULL, NULL, '', 'available', 'digiflazz', NULL, NULL, NULL),
(8468, '1', '708 Diamonds (Malaysia)', 'MLMY708', 191153, 189350, 187546, 185743, 0, 6, 5, 4, 3, 0, NULL, NULL, NULL, NULL, '', 'available', 'digiflazz', NULL, NULL, NULL),
(8469, '1', '716 Diamonds (Malaysia)', 'MLMY716', 190525, 188728, 186931, 185133, 0, 6, 5, 4, 3, 0, NULL, NULL, NULL, NULL, '', 'available', 'digiflazz', NULL, NULL, NULL),
(8470, '1', '7.502 Diamonds (Malaysia)', 'MLMY7502', 1890333, 1872500, 1854666, 1836833, 0, 6, 5, 4, 3, 0, NULL, NULL, NULL, NULL, '', 'available', 'digiflazz', NULL, NULL, NULL),
(8471, '1', '11 Diamonds (Filipina)', 'MLPH11', 2493, 2470, 2446, 2423, 0, 6, 5, 4, 3, 0, NULL, NULL, NULL, NULL, '', 'available', 'digiflazz', NULL, NULL, NULL),
(8472, '1', '112 Diamonds (Filipina)', 'MLPH112', 25483, 25243, 25003, 24762, 0, 6, 5, 4, 3, 0, NULL, NULL, NULL, NULL, '', 'available', 'digiflazz', NULL, NULL, NULL),
(8473, '1', '1.163 Diamonds (Filipina)', 'MLPH1163', 255758, 253345, 250932, 248519, 0, 6, 5, 4, 3, 0, NULL, NULL, NULL, NULL, '', 'available', 'digiflazz', NULL, NULL, NULL),
(8474, '1', '22 Diamonds (Filipina)', 'MLPH22', 5173, 5124, 5075, 5026, 0, 6, 5, 4, 3, 0, NULL, NULL, NULL, NULL, '', 'available', 'digiflazz', NULL, NULL, NULL),
(8475, '1', '223 Diamonds (Filipina)', 'MLPH223', 51114, 50632, 50150, 49668, 0, 6, 5, 4, 3, 0, NULL, NULL, NULL, NULL, '', 'available', 'digiflazz', NULL, NULL, NULL),
(8476, '1', '2.398 Diamonds (Filipina)', 'MLPH2398', 519461, 514561, 509660, 504760, 0, 6, 5, 4, 3, 0, NULL, NULL, NULL, NULL, '', 'available', 'digiflazz', NULL, NULL, NULL),
(8477, '1', '336 Diamonds (Filipina)', 'MLPH336', 76804, 76080, 75355, 74631, 0, 6, 5, 4, 3, 0, NULL, NULL, NULL, NULL, '', 'available', 'digiflazz', NULL, NULL, NULL),
(8478, '1', '5 Diamonds (Filipina)', 'MLPH5', 1323, 1310, 1298, 1285, 0, 6, 5, 4, 3, 0, NULL, NULL, NULL, NULL, '', 'available', 'digiflazz', NULL, NULL, NULL),
(8479, '1', '56 Diamonds (Filipina)', 'MLPH56', 12728, 12608, 12488, 12368, 0, 6, 5, 4, 3, 0, NULL, NULL, NULL, NULL, '', 'available', 'digiflazz', NULL, NULL, NULL),
(8480, '1', '570 Diamonds (Filipina)', 'MLPH570', 127892, 126686, 125479, 124273, 0, 6, 5, 4, 3, 0, NULL, NULL, NULL, NULL, '', 'available', 'digiflazz', NULL, NULL, NULL),
(8481, '1', '6.042 Diamonds (Filipina)', 'MLPH6042', 1278680, 1266617, 1254554, 1242491, 0, 6, 5, 4, 3, 0, NULL, NULL, NULL, NULL, '', 'available', 'digiflazz', NULL, NULL, NULL),
(8482, '1', '1186 + 224 Diamonds (Russia)', 'MLRU1186', 466889, 462484, 458079, 453675, 0, 6, 5, 4, 3, 0, NULL, NULL, NULL, NULL, '', 'available', 'digiflazz', NULL, NULL, NULL),
(8483, '1', '120 + 12 Diamonds (Russia)', 'MLRU120', 46794, 46352, 45911, 45469, 0, 6, 5, 4, 3, 0, NULL, NULL, NULL, NULL, '', 'available', 'digiflazz', NULL, NULL, NULL),
(8484, '1', '1581 + 300 Diamonds (Russia)', 'MLRU1581', 622634, 616761, 610887, 605013, 0, 6, 5, 4, 3, 0, NULL, NULL, NULL, NULL, '', 'available', 'digiflazz', NULL, NULL, NULL),
(8485, '1', '2371 + 474 Diamonds (Russia)', 'MLRU2371', 933952, 925141, 916330, 907520, 0, 6, 5, 4, 3, 0, NULL, NULL, NULL, NULL, '', 'available', 'digiflazz', NULL, NULL, NULL),
(8486, '1', '239 + 25 Diamonds (Russia)', 'MLRU239', 93414, 92532, 91651, 90770, 0, 6, 5, 4, 3, 0, NULL, NULL, NULL, NULL, '', 'available', 'digiflazz', NULL, NULL, NULL),
(8487, '1', '32 + 3 Diamonds (Russia)', 'MLRU32', 12582, 12464, 12345, 12226, 0, 6, 5, 4, 3, 0, NULL, NULL, NULL, NULL, '', 'available', 'digiflazz', NULL, NULL, NULL),
(8488, '1', '396 + 44 Diamonds (Russia)', 'MLRU396', 155598, 154131, 152663, 151195, 0, 6, 5, 4, 3, 0, NULL, NULL, NULL, NULL, '', 'available', 'digiflazz', NULL, NULL, NULL),
(8489, '1', '633 + 101 Diamonds (Russia)', 'MLRU633', 248984, 246636, 244287, 241938, 0, 6, 5, 4, 3, 0, NULL, NULL, NULL, NULL, '', 'available', 'digiflazz', NULL, NULL, NULL),
(8490, '1', '791 + 142 Diamonds (Russia)', 'MLRU791', 311318, 308381, 305444, 302507, 0, 6, 5, 4, 3, 0, NULL, NULL, NULL, NULL, '', 'available', 'digiflazz', NULL, NULL, NULL),
(8491, '1', '8 Diamonds (Russia)', 'MLRU8', 3148, 3119, 3089, 3059, 0, 6, 5, 4, 3, 0, NULL, NULL, NULL, NULL, '', 'available', 'digiflazz', NULL, NULL, NULL),
(8492, '1', '80 + 8 Diamonds (Russia)', 'MLRU80', 31080, 30787, 30494, 30201, 0, 6, 5, 4, 3, 0, NULL, NULL, NULL, NULL, '', 'available', 'digiflazz', NULL, NULL, NULL),
(8493, '1', '1.084 Diamonds (Singapore)', 'MLSGP1084', 289322, 286592, 283863, 281133, 0, 6, 5, 4, 3, 0, NULL, NULL, NULL, NULL, '', 'available', 'digiflazz', NULL, NULL, NULL),
(8494, '1', '14 Diamonds (Singapore)', 'MLSGP14', 3861, 3824, 3788, 3751, 0, 6, 5, 4, 3, 0, NULL, NULL, NULL, NULL, '', 'available', 'digiflazz', NULL, NULL, NULL),
(8495, '1', '140 Diamonds (Singapore)', 'MLSGP140', 38617, 38253, 37888, 37524, 0, 6, 5, 4, 3, 0, NULL, NULL, NULL, NULL, '', 'available', 'digiflazz', NULL, NULL, NULL),
(8496, '1', '1.446 Diamonds (Singapore)', 'MLSGP1446', 385818, 382178, 378538, 374898, 0, 6, 5, 4, 3, 0, NULL, NULL, NULL, NULL, '', 'available', 'digiflazz', NULL, NULL, NULL),
(8497, '1', '284 Diamonds (Singapore)', 'MLSGP284', 76679, 75956, 75233, 74509, 0, 6, 5, 4, 3, 0, NULL, NULL, NULL, NULL, '', 'available', 'digiflazz', NULL, NULL, NULL),
(8498, '1', '2.976 Diamonds (Singapore)', 'MLSGP2976', 773872, 766571, 759271, 751970, 0, 6, 5, 4, 3, 0, NULL, NULL, NULL, NULL, '', 'available', 'digiflazz', NULL, NULL, NULL),
(8499, '1', '355 Diamonds (Singapore)', 'MLSGP355', 96745, 95832, 94920, 94007, 0, 6, 5, 4, 3, 0, NULL, NULL, NULL, NULL, '', 'available', 'digiflazz', NULL, NULL, NULL),
(8500, '1', '42 Diamonds (Singapore)', 'MLSGP42', 11607, 11498, 11388, 11279, 0, 6, 5, 4, 3, 0, NULL, NULL, NULL, NULL, '', 'available', 'digiflazz', NULL, NULL, NULL),
(8501, '1', '429 Diamonds (Singapore)', 'MLSGP429', 116087, 114992, 113897, 112801, 0, 6, 5, 4, 3, 0, NULL, NULL, NULL, NULL, '', 'available', 'digiflazz', NULL, NULL, NULL),
(8502, '1', '70 Diamonds (Singapore)', 'MLSGP70', 19286, 19104, 18922, 18740, 0, 6, 5, 4, 3, 0, NULL, NULL, NULL, NULL, '', 'available', 'digiflazz', NULL, NULL, NULL),
(8503, '1', '716 Diamonds (Singapore)', 'MLSGP716', 193448, 191623, 189798, 187973, 0, 6, 5, 4, 3, 0, NULL, NULL, NULL, NULL, '', 'available', 'digiflazz', NULL, NULL, NULL),
(8504, '1', '7.502 Diamonds (Singapore)', 'MLSGP7502', 1930991, 1912775, 1894558, 1876341, 0, 6, 5, 4, 3, 0, NULL, NULL, NULL, NULL, '', 'available', 'digiflazz', NULL, NULL, NULL),
(8505, '1', 'Weekly Diamond Pass (Singapore)', 'MLSGPWDP', 33104, 32792, 32479, 32167, 0, 6, 5, 4, 3, 0, NULL, NULL, NULL, NULL, '', 'available', 'digiflazz', NULL, NULL, NULL),
(8506, '1', '1041 Diamonds (Turkey)', 'MLTRY1041', 231326, 229144, 226961, 224779, 0, 6, 5, 4, 3, 0, NULL, NULL, NULL, NULL, '', 'available', 'digiflazz', NULL, NULL, NULL),
(8507, '1', '133 Diamonds (Turkey)', 'MLTRY133', 30694, 30405, 30115, 29826, 0, 6, 5, 4, 3, 0, NULL, NULL, NULL, NULL, '', 'available', 'digiflazz', NULL, NULL, NULL),
(8508, '1', '221 Diamonds (Turkey)', 'MLTRY221', 51040, 50559, 50077, 49596, 0, 6, 5, 4, 3, 0, NULL, NULL, NULL, NULL, '', 'available', 'digiflazz', NULL, NULL, NULL),
(8509, '1', '24 Diamonds (Turkey)', 'MLTRY24', 6444, 6383, 6322, 6261, 0, 6, 5, 4, 3, 0, NULL, NULL, NULL, NULL, '', 'available', 'digiflazz', NULL, NULL, NULL),
(8510, '1', '2645 Diamonds (Turkey)', 'MLTRY2645', 570283, 564903, 559523, 554143, 0, 6, 5, 4, 3, 0, NULL, NULL, NULL, NULL, '', 'available', 'digiflazz', NULL, NULL, NULL),
(8511, '1', '44 Diamonds (Turkey)', 'MLTRY44', 10247, 10150, 10054, 9957, 0, 6, 5, 4, 3, 0, NULL, NULL, NULL, NULL, '', 'available', 'digiflazz', NULL, NULL, NULL),
(8512, '1', '494 Diamonds (Turkey)', 'MLTRY494', 111708, 110654, 109600, 108547, 0, 6, 5, 4, 3, 0, NULL, NULL, NULL, NULL, '', 'available', 'digiflazz', NULL, NULL, NULL),
(8513, '1', '6146 Diamonds (Turkey)', 'MLTRY6146', 1310422, 1298059, 1285697, 1273334, 0, 6, 5, 4, 3, 0, NULL, NULL, NULL, NULL, '', 'available', 'digiflazz', NULL, NULL, NULL),
(8514, '1', '88 Diamonds (Turkey)', 'MLTRY88', 20505, 20311, 20118, 19924, 0, 6, 5, 4, 3, 0, NULL, NULL, NULL, NULL, '', 'available', 'digiflazz', NULL, NULL, NULL),
(8515, '1', 'Weekly Diamond Pass (Turkey)', 'MLTRYWDP', 24475, 24245, 24014, 23783, 0, 6, 5, 4, 3, 0, NULL, NULL, NULL, NULL, '', 'available', 'digiflazz', NULL, NULL, NULL),
(8516, '1', 'Weekly Diamond Pass', 'WDP', 28673, 28403, 28132, 27862, 27000, 6, 5, 4, 3, 1, 'WDP PROMO', NULL, 100, '2026-09-17 08:37:00', '', 'available', 'digiflazz', NULL, NULL, NULL),
(8517, '1', 'Weekly Diamond Pass 2x', 'WDP2', 57633, 57090, 56546, 56002, 0, 6, 5, 4, 3, 0, NULL, NULL, NULL, NULL, '', 'available', 'digiflazz', NULL, NULL, NULL),
(8518, '1', 'Weekly Diamond Pass 3x', 'WDP3', 86713, 85895, 85077, 84259, 0, 6, 5, 4, 3, 0, NULL, NULL, NULL, NULL, '', 'available', 'digiflazz', NULL, NULL, NULL),
(8519, '1', 'Weekly Diamond Pass 4x', 'WDP4', 115609, 114518, 113428, 112337, 0, 6, 5, 4, 3, 0, NULL, NULL, NULL, NULL, '', 'available', 'digiflazz', NULL, NULL, NULL),
(8520, '1', 'Weekly Diamond Pass 5x', 'WDP5', 144505, 143141, 141778, 140415, 0, 6, 5, 4, 3, 0, NULL, NULL, NULL, NULL, '', 'available', 'digiflazz', NULL, NULL, NULL),
(8521, '1', 'Weekly Diamond Pass (Brazil)', 'WDPBRL', 21348, 21147, 20946, 20744, 0, 6, 5, 4, 3, 0, NULL, NULL, NULL, NULL, '', 'available', 'digiflazz', NULL, NULL, NULL),
(8522, '1', 'Weekly Diamond Pass (Global)', 'WDPG', 24274, 24045, 23816, 23587, 0, 6, 5, 4, 3, 0, NULL, NULL, NULL, NULL, '', 'available', 'digiflazz', NULL, NULL, NULL),
(8523, '1', 'Weekly Diamond Pass (Malaysia)', 'WDPMY', 31800, 31500, 31200, 30900, 0, 6, 5, 4, 3, 0, NULL, NULL, NULL, NULL, '', 'available', 'digiflazz', NULL, NULL, NULL),
(8524, '1', 'Weekly Diamond Pass (Filipina)', 'WDPPH', 25018, 24782, 24546, 24310, 0, 6, 5, 4, 3, 0, NULL, NULL, NULL, NULL, '', 'available', 'digiflazz', NULL, NULL, NULL),
(8525, '1', 'Weekly Diamond Pass (Russia)', 'WDPRU', 40534, 40152, 39770, 39387, 0, 6, 5, 4, 3, 0, NULL, NULL, NULL, NULL, '', 'available', 'digiflazz', NULL, NULL, NULL);

-- --------------------------------------------------------

--
-- Struktur dari tabel `methods`
--

CREATE TABLE `methods` (
  `id` int(11) NOT NULL,
  `name` varchar(55) CHARACTER SET utf8mb4 COLLATE utf8mb4_general_ci NOT NULL,
  `images` varchar(250) CHARACTER SET utf8mb4 COLLATE utf8mb4_general_ci NOT NULL,
  `code` varchar(100) CHARACTER SET utf8mb4 COLLATE utf8mb4_general_ci NOT NULL,
  `keterangan` varchar(250) CHARACTER SET utf8mb4 COLLATE utf8mb4_general_ci NOT NULL,
  `tipe` varchar(225) CHARACTER SET utf8mb4 COLLATE utf8mb4_general_ci NOT NULL,
  `payment` varchar(255) CHARACTER SET utf8mb4 COLLATE utf8mb4_unicode_ci NOT NULL,
  `fee_percent` decimal(5,2) DEFAULT NULL,
  `fix_fee` decimal(10,2) DEFAULT NULL,
  `statuspayment` enum('Activate','Disable') NOT NULL DEFAULT 'Activate',
  `created_at` timestamp NULL DEFAULT NULL,
  `updated_at` timestamp NULL DEFAULT NULL
) ENGINE=MyISAM DEFAULT CHARSET=latin1 COLLATE=latin1_swedish_ci;

--
-- Dumping data untuk tabel `methods`
--

INSERT INTO `methods` (`id`, `name`, `images`, `code`, `keterangan`, `tipe`, `payment`, `fee_percent`, `fix_fee`, `statuspayment`, `created_at`, `updated_at`) VALUES
(68, 'OVO', '/assets/payment/OVO.webp', 'OVO', 'Dicek Otomatis', 'e-walet', 'tokopay', 2.50, 0.00, 'Activate', '2023-09-07 07:26:22', '2025-06-25 20:48:07'),
(51, 'QRIS Otomatis', '/assets/payment/qris.webp', 'QRISREALTIME', 'Dicek Otomatis', 'qris', 'tokopay', 0.70, 750.00, 'Activate', '2023-03-06 06:59:32', '2025-06-25 20:48:19'),
(104, 'DANA', '/assets/payment/DANAA.png', 'DANA_REALTIME', 'Dicek Otomatis', 'e-walet', 'tokopay', 3.20, 0.00, 'Activate', '2024-07-25 13:35:18', '2025-06-25 20:47:36'),
(118, 'SALDO (Bebas Biaya Admin)', '/assets/payment/coin.webp', 'SALDO', 'Di proses otomatis', 'SALDO', 'saldo', 0.00, 0.00, 'Activate', '2025-05-17 06:57:02', '2025-06-25 21:10:20'),
(107, 'ShopeePay', '/assets/payment/Shopeepay.webp', 'SHOPEEPAY_REALTIME', 'Dicek Otomatis', 'e-walet', 'tokopay', 3.00, 0.00, 'Activate', '2024-12-29 09:35:50', '2025-06-25 20:48:33'),
(108, 'Gopay', '/assets/payment/Gopay.webp', 'GOPAY', 'Dicek Otomatis', 'e-walet', 'tokopay', 3.00, 0.00, 'Activate', '2025-02-06 14:08:33', '2025-06-25 20:47:52');

-- --------------------------------------------------------

--
-- Struktur dari tabel `migrations`
--

CREATE TABLE `migrations` (
  `id` int UNSIGNED NOT NULL,
  `migration` varchar(255) CHARACTER SET utf8mb4 COLLATE utf8mb4_unicode_ci NOT NULL,
  `batch` int NOT NULL
) ENGINE=InnoDB DEFAULT CHARSET=utf8mb4 COLLATE=utf8mb4_unicode_ci;

--
-- Dumping data untuk tabel `migrations`
--

INSERT INTO `migrations` (`id`, `migration`, `batch`) VALUES
(1, '2014_10_12_000000_create_users_table', 1),
(2, '2014_10_12_100000_create_password_resets_table', 1),
(3, '2019_08_19_000000_create_failed_jobs_table', 1),
(4, '2019_12_14_000001_create_personal_access_tokens_table', 1),
(5, '2022_01_26_082220_create_kategoris_table', 1),
(6, '2022_01_26_102949_create_layanans_table', 1),
(11, '2022_01_29_111105_create_pembelians_table', 2),
(12, '2022_01_29_111703_create_pembayarans_table', 2),
(13, '2022_02_01_152716_create_ovos_table', 3),
(14, '2022_02_01_152824_create_history__ovos_table', 3),
(15, '2022_02_01_155618_create_gojeks_table', 4),
(16, '2022_02_01_155927_create_history__gojeks_table', 4),
(17, '2022_02_02_081840_create_methode_pembayarans_table', 5),
(18, '2022_02_02_084003_create_beritas_table', 6),
(19, '2022_04_08_133307_create_layanan_ppobs_table', 7),
(20, '2022_04_27_141044_create_deposits_table', 8),
(21, '2024_04_30_002540_add_google2fa_secret_to_users_table', 9);

-- --------------------------------------------------------

--
-- Struktur dari tabel `pakets`
--

CREATE TABLE `pakets` (
  `id` bigint UNSIGNED NOT NULL,
  `nama` varchar(255) CHARACTER SET utf8mb4 COLLATE utf8mb4_unicode_ci NOT NULL,
  `created_at` timestamp NULL DEFAULT NULL,
  `updated_at` timestamp NULL DEFAULT NULL
) ENGINE=InnoDB DEFAULT CHARSET=utf8mb4 COLLATE=utf8mb4_unicode_ci;

--
-- Dumping data untuk tabel `pakets`
--

INSERT INTO `pakets` (`id`, `nama`, `created_at`, `updated_at`) VALUES
(2, 'Membership', '2025-05-29 14:31:42', '2025-05-29 14:31:42'),
(3, 'Diamonds', '2025-05-29 14:32:00', '2025-05-29 14:32:00'),
(4, 'Membership Region Luar', '2025-05-29 14:36:24', '2025-05-29 14:36:24'),
(5, 'Diamonds Region Luar', '2025-05-29 14:37:45', '2025-05-29 14:37:45'),
(6, 'First Topup Region Luar', '2025-05-29 14:41:09', '2025-05-29 14:41:09'),
(7, 'UC Indonesia', '2025-05-29 14:47:42', '2025-05-29 14:47:42'),
(8, 'UC Global', '2025-05-29 14:47:47', '2025-05-29 14:47:47'),
(9, 'Genesis Crystals', '2025-05-29 14:48:59', '2025-05-29 14:49:25'),
(10, 'Gold', '2025-05-29 14:50:29', '2025-05-29 14:50:29'),
(11, 'Tokens', '2025-05-29 14:51:03', '2025-05-29 14:51:03'),
(12, 'Tokens Kombinasi', '2025-05-29 14:51:18', '2025-05-29 14:51:18'),
(13, 'FC Points', '2025-05-29 14:59:06', '2025-05-29 14:59:06'),
(14, 'Vouchers', '2025-05-29 14:59:41', '2025-05-29 14:59:41'),
(15, 'CP', '2025-05-29 15:00:15', '2025-05-29 15:00:15'),
(16, 'RC', '2025-05-29 15:01:55', '2025-05-29 15:01:55'),
(17, 'Cash', '2025-05-29 15:02:46', '2025-05-29 15:02:46'),
(18, 'Golden Star', '2025-05-29 15:03:24', '2025-05-29 15:03:24'),
(19, 'Coins', '2025-05-29 15:07:54', '2025-05-29 15:07:54'),
(20, 'VP', '2025-05-29 15:09:22', '2025-05-29 15:09:22'),
(21, 'DANA', '2025-05-29 15:13:25', '2025-05-29 15:13:25'),
(22, 'GOPAY', '2025-05-29 15:13:32', '2025-05-29 15:13:32'),
(23, 'OVO', '2025-05-29 15:13:39', '2025-05-29 15:13:39'),
(24, 'LinkAja', '2025-05-29 15:13:44', '2025-05-29 15:13:44'),
(25, 'ShopeePay', '2025-05-29 15:13:53', '2025-05-29 15:13:53'),
(26, 'Pulsa', '2025-05-29 15:37:49', '2025-05-29 15:37:49'),
(27, 'Paket Data', '2025-05-29 15:37:54', '2025-05-29 15:37:54'),
(28, 'Masa Aktif', '2025-05-29 15:38:01', '2025-05-29 15:38:01'),
(29, 'Token PLN', '2025-05-29 15:52:04', '2025-05-29 15:52:04');

-- --------------------------------------------------------

--
-- Struktur dari tabel `paket_layanans`
--

CREATE TABLE `paket_layanans` (
  `id` int UNSIGNED NOT NULL,
  `paket_id` int UNSIGNED NOT NULL,
  `layanan_id` int UNSIGNED NOT NULL,
  `product_logo` varchar(225) NOT NULL,
  `created_at` timestamp NULL DEFAULT NULL,
  `updated_at` timestamp NULL DEFAULT NULL
) ENGINE=MyISAM DEFAULT CHARSET=latin1;

--
-- Dumping data untuk tabel `paket_layanans`
--

INSERT INTO `paket_layanans` (`id`, `paket_id`, `layanan_id`, `product_logo`, `created_at`, `updated_at`) VALUES
(1875, 3, 8373, '/assets/product_logo/RmKh2ZHeHIN6bex.png', '2025-09-17 00:33:51', '2025-09-17 00:33:51'),
(1874, 3, 8361, '/assets/product_logo/RmKh2ZHeHIN6bex.png', '2025-09-17 00:33:51', '2025-09-17 00:33:51'),
(1873, 3, 8353, '/assets/product_logo/RmKh2ZHeHIN6bex.png', '2025-09-17 00:33:51', '2025-09-17 00:33:51'),
(1872, 3, 8344, '/assets/product_logo/RmKh2ZHeHIN6bex.png', '2025-09-17 00:33:51', '2025-09-17 00:33:51'),
(1871, 3, 8324, '/assets/product_logo/RmKh2ZHeHIN6bex.png', '2025-09-17 00:33:51', '2025-09-17 00:33:51'),
(1870, 3, 8314, '/assets/product_logo/RmKh2ZHeHIN6bex.png', '2025-09-17 00:33:51', '2025-09-17 00:33:51'),
(1869, 3, 8303, '/assets/product_logo/RmKh2ZHeHIN6bex.png', '2025-09-17 00:33:51', '2025-09-17 00:33:51'),
(1868, 3, 8291, '/assets/product_logo/RmKh2ZHeHIN6bex.png', '2025-09-17 00:33:51', '2025-09-17 00:33:51'),
(1867, 3, 8273, '/assets/product_logo/RmKh2ZHeHIN6bex.png', '2025-09-17 00:33:51', '2025-09-17 00:33:51'),
(1866, 3, 8350, '/assets/product_logo/RmKh2ZHeHIN6bex.png', '2025-09-17 00:33:51', '2025-09-17 00:33:51'),
(1865, 3, 8302, '/assets/product_logo/RmKh2ZHeHIN6bex.png', '2025-09-17 00:33:51', '2025-09-17 00:33:51'),
(1864, 3, 8290, '/assets/product_logo/RmKh2ZHeHIN6bex.png', '2025-09-17 00:33:51', '2025-09-17 00:33:51'),
(1863, 3, 8272, '/assets/product_logo/RmKh2ZHeHIN6bex.png', '2025-09-17 00:33:51', '2025-09-17 00:33:51'),
(1862, 3, 8349, '/assets/product_logo/RmKh2ZHeHIN6bex.png', '2025-09-17 00:33:51', '2025-09-17 00:33:51'),
(1861, 2, 8517, '/assets/product_logo/3TISDyJRA92EYyo.png', '2025-09-17 00:32:21', '2025-09-17 00:32:21'),
(1860, 2, 8516, '/assets/product_logo/3TISDyJRA92EYyo.png', '2025-09-17 00:32:21', '2025-09-17 00:32:21');

-- --------------------------------------------------------

--
-- Struktur dari tabel `pembayarans`
--

CREATE TABLE `pembayarans` (
  `id` bigint UNSIGNED NOT NULL,
  `order_id` varchar(255) CHARACTER SET utf8mb4 COLLATE utf8mb4_unicode_ci NOT NULL,
  `harga` varchar(255) CHARACTER SET utf8mb4 COLLATE utf8mb4_unicode_ci NOT NULL,
  `no_pembayaran` text CHARACTER SET utf8mb4 COLLATE utf8mb4_unicode_ci NOT NULL,
  `no_pembeli` varchar(20) CHARACTER SET utf8mb4 COLLATE utf8mb4_unicode_ci NOT NULL,
  `status` varchar(255) CHARACTER SET utf8mb4 COLLATE utf8mb4_unicode_ci NOT NULL,
  `metode` varchar(255) CHARACTER SET utf8mb4 COLLATE utf8mb4_unicode_ci NOT NULL,
  `reference` varchar(255) CHARACTER SET utf8mb4 COLLATE utf8mb4_unicode_ci DEFAULT NULL,
  `created_at` timestamp NULL DEFAULT NULL,
  `updated_at` timestamp NULL DEFAULT NULL
) ENGINE=InnoDB DEFAULT CHARSET=utf8mb4 COLLATE=utf8mb4_unicode_ci;

--
-- Dumping data untuk tabel `pembayarans`
--

INSERT INTO `pembayarans` (`id`, `order_id`, `harga`, `no_pembayaran`, `no_pembeli`, `status`, `metode`, `reference`, `created_at`, `updated_at`) VALUES
(144, 'BGRL074828750927INV', '1164', 'Balance Payment', '085787668876', 'Lunas', 'SALDO', '', '2025-06-29 00:55:49', '2025-06-29 00:55:49'),
(145, 'BGRL223131994868INV', '1056', 'https://assets.tokopay.id/2025/06/TP250629CSOC209591.png', '083899893999', 'Belum Lunas', 'QRIS_CUSTOM', 'TP250629CSOC209591', '2025-06-29 15:06:31', '2025-06-29 15:06:31'),
(146, 'BGRL215552677600INV', '21600', 'Balance Payment', '123456789', 'Lunas', 'SALDO', '', '2025-08-17 14:46:56', '2025-08-17 14:46:56');

-- --------------------------------------------------------

--
-- Struktur dari tabel `pembelians`
--

CREATE TABLE `pembelians` (
  `id` bigint UNSIGNED NOT NULL,
  `order_id` varchar(255) CHARACTER SET utf8mb4 COLLATE utf8mb4_unicode_ci NOT NULL,
  `username` varchar(255) CHARACTER SET utf8mb4 COLLATE utf8mb4_unicode_ci DEFAULT NULL,
  `user_id` varchar(255) CHARACTER SET utf8mb4 COLLATE utf8mb4_unicode_ci NOT NULL,
  `zone` varchar(255) CHARACTER SET utf8mb4 COLLATE utf8mb4_unicode_ci DEFAULT NULL,
  `nickname` varchar(255) CHARACTER SET utf8mb4 COLLATE utf8mb4_unicode_ci DEFAULT NULL,
  `layanan` varchar(255) CHARACTER SET utf8mb4 COLLATE utf8mb4_unicode_ci NOT NULL,
  `harga` int NOT NULL,
  `profit` int NOT NULL,
  `provider_order_id` varchar(255) CHARACTER SET utf8mb4 COLLATE utf8mb4_unicode_ci DEFAULT NULL,
  `status` varchar(255) CHARACTER SET utf8mb4 COLLATE utf8mb4_unicode_ci NOT NULL,
  `log` varchar(1000) CHARACTER SET utf8mb4 COLLATE utf8mb4_unicode_ci DEFAULT NULL,
  `voucher` varchar(255) CHARACTER SET utf8mb4 COLLATE utf8mb4_unicode_ci DEFAULT NULL,
  `message` varchar(255) CHARACTER SET utf8mb4 COLLATE utf8mb4_unicode_ci DEFAULT NULL,
  `tipe_transaksi` varchar(255) CHARACTER SET utf8mb4 COLLATE utf8mb4_unicode_ci NOT NULL DEFAULT 'game',
  `ip_address` varchar(2225) CHARACTER SET utf8mb4 COLLATE utf8mb4_unicode_ci DEFAULT NULL,
  `created_at` timestamp NULL DEFAULT NULL,
  `updated_at` timestamp NULL DEFAULT NULL
) ENGINE=InnoDB DEFAULT CHARSET=utf8mb4 COLLATE=utf8mb4_unicode_ci;

--
-- Dumping data untuk tabel `pembelians`
--

INSERT INTO `pembelians` (`id`, `order_id`, `username`, `user_id`, `zone`, `nickname`, `layanan`, `harga`, `profit`, `provider_order_id`, `status`, `log`, `voucher`, `message`, `tipe_transaksi`, `ip_address`, `created_at`, `updated_at`) VALUES
(137, 'BGRL070649567222INV', 'bangirul', '085787668876', NULL, '', 'DANA 1.000', 1187, 59, 'BGRL857629', 'Sukses', '{\"data\":{\"trx_id\":\"685f39abb6044300291c7e33\",\"ref_id\":\"BGRL857629\",\"customer_no\":\"085787668876\",\"buyer_sku_code\":\"dana1k\",\"message\":\"Transaksi Sukses\",\"status\":\"Sukses\",\"rc\":\"00\",\"buyer_last_saldo\":395400,\"sn\":\"DNID-KHAXXXXXXX-085787668876\\/2025062810121481030100166156060178071\",\"price\":1130,\"tele\":\"@bcajaya\",\"wa\":\"087778034999\"}}', 'DNID-KHAXXXXXXX-085787668876/2025062810121481030100166156060178071', NULL, 'game', 'HTTP/1.0 200 OK\r\nCache-Control: no-cache, private\r\nContent-Type:  application/json\r\nDate:          Sat, 28 Jun 2025 00:39:07 GMT\r\n\r\n{\"ip\":\"114.10.143.12\",\"city\":\"Banjarmasin\",\"region\":\"South Kalimantan\",\"country\":\"ID\",\"loc\":\"-3.3199,114.5907\",\"org\":\"AS4761 INDOSAT Internet Network Provider\",\"timezone\":\"Asia\\/Makassar\"}', '2025-06-28 00:39:07', '2025-06-28 00:39:11'),
(138, 'BGRL174202904918INV', 'bangirul', '085787668876', NULL, '', 'DANA 1.000', 1187, 59, 'BGRL780777', 'Sukses', '{\"data\":{\"trx_id\":\"685fc1a6de458c13458f32e4\",\"ref_id\":\"BGRL780777\",\"customer_no\":\"085787668876\",\"buyer_sku_code\":\"dana1k\",\"message\":\"Transaksi Sukses\",\"status\":\"Sukses\",\"rc\":\"00\",\"buyer_last_saldo\":220362,\"sn\":\"DNID-KHAXXXXXXX-085787668876\\/2025062810121481030100166156060347826\",\"price\":1130,\"tele\":\"@bcajaya\",\"wa\":\"087778034999\"}}', 'DNID-KHAXXXXXXX-085787668876/2025062810121481030100166156060347826', NULL, 'game', 'HTTP/1.0 200 OK\r\nCache-Control: no-cache, private\r\nContent-Type:  application/json\r\nDate:          Sat, 28 Jun 2025 10:18:43 GMT\r\n\r\n{\"ip\":\"114.10.143.34\",\"city\":\"Banjarmasin\",\"region\":\"South Kalimantan\",\"country\":\"ID\",\"loc\":\"-3.3199,114.5907\",\"org\":\"AS4761 INDOSAT Internet Network Provider\",\"timezone\":\"Asia\\/Makassar\"}', '2025-06-28 10:18:43', '2025-06-28 10:19:23'),
(139, 'BGRL171178105390INV', NULL, '085787668876', NULL, '', 'DANA 1.000', 1187, 59, NULL, 'Pending', NULL, NULL, NULL, 'game', 'HTTP/1.0 200 OK\r\nCache-Control: no-cache, private\r\nContent-Type:  application/json\r\nDate:          Sat, 28 Jun 2025 10:48:12 GMT\r\n\r\n{\"ip\":\"114.10.143.34\",\"city\":\"Banjarmasin\",\"region\":\"South Kalimantan\",\"country\":\"ID\",\"loc\":\"-3.3199,114.5907\",\"org\":\"AS4761 INDOSAT Internet Network Provider\",\"timezone\":\"Asia\\/Makassar\"}', '2025-06-28 10:48:12', '2025-06-28 10:48:12'),
(140, 'BGRL171336398630INV', NULL, '085787668876', NULL, '', 'DANA 1.000', 1187, 59, NULL, 'Pending', NULL, NULL, NULL, 'game', 'HTTP/1.0 200 OK\r\nCache-Control: no-cache, private\r\nContent-Type:  application/json\r\nDate:          Sat, 28 Jun 2025 10:49:13 GMT\r\n\r\n{\"ip\":\"114.10.143.34\",\"city\":\"Banjarmasin\",\"region\":\"South Kalimantan\",\"country\":\"ID\",\"loc\":\"-3.3199,114.5907\",\"org\":\"AS4761 INDOSAT Internet Network Provider\",\"timezone\":\"Asia\\/Makassar\"}', '2025-06-28 10:49:13', '2025-06-28 10:49:13'),
(141, 'BGRL175127266311INV', NULL, '085787668876', NULL, '', 'DANA 1.000', 1187, 59, NULL, 'Pending', NULL, NULL, NULL, 'game', 'HTTP/1.0 200 OK\r\nCache-Control: no-cache, private\r\nContent-Type:  application/json\r\nDate:          Sat, 28 Jun 2025 10:56:52 GMT\r\n\r\n{\"ip\":\"114.10.143.34\",\"city\":\"Banjarmasin\",\"region\":\"South Kalimantan\",\"country\":\"ID\",\"loc\":\"-3.3199,114.5907\",\"org\":\"AS4761 INDOSAT Internet Network Provider\",\"timezone\":\"Asia\\/Makassar\"}', '2025-06-28 10:56:52', '2025-06-28 10:56:52'),
(142, 'BGRL173591291002INV', NULL, '085787668876', NULL, '', 'DANA 1.000', 1187, 59, NULL, 'Pending', NULL, NULL, NULL, 'game', 'HTTP/1.0 200 OK\r\nCache-Control: no-cache, private\r\nContent-Type:  application/json\r\nDate:          Sat, 28 Jun 2025 10:57:36 GMT\r\n\r\n{\"ip\":\"114.10.143.34\",\"city\":\"Banjarmasin\",\"region\":\"South Kalimantan\",\"country\":\"ID\",\"loc\":\"-3.3199,114.5907\",\"org\":\"AS4761 INDOSAT Internet Network Provider\",\"timezone\":\"Asia\\/Makassar\"}', '2025-06-28 10:57:36', '2025-06-28 10:57:36'),
(143, 'BGRL180389415591INV', NULL, '085787668876', NULL, '', 'DANA 1.000', 1187, 59, 'BGRL348873', 'Sukses', '{\"data\":{\"trx_id\":\"685fcb59de458c1345909b13\",\"ref_id\":\"BGRL348873\",\"customer_no\":\"085787668876\",\"buyer_sku_code\":\"dana1k\",\"message\":\"Transaksi Sukses\",\"status\":\"Sukses\",\"rc\":\"00\",\"buyer_last_saldo\":219232,\"sn\":\"DNID-KHAXXXXXXX-085787668876\\/2025062810121481030100166156060332500\",\"price\":1130,\"tele\":\"@bcajaya\",\"wa\":\"087778034999\"}}', 'DNID-KHAXXXXXXX-085787668876/2025062810121481030100166156060332500', NULL, 'game', 'HTTP/1.0 200 OK\r\nCache-Control: no-cache, private\r\nContent-Type:  application/json\r\nDate:          Sat, 28 Jun 2025 11:00:05 GMT\r\n\r\n{\"ip\":\"114.10.143.34\",\"city\":\"Banjarmasin\",\"region\":\"South Kalimantan\",\"country\":\"ID\",\"loc\":\"-3.3199,114.5907\",\"org\":\"AS4761 INDOSAT Internet Network Provider\",\"timezone\":\"Asia\\/Makassar\"}', '2025-06-28 11:00:05', '2025-06-28 11:00:45'),
(144, 'BGRL074828750927INV', 'bangirul', '085787668876', NULL, '', 'DANA 1.000', 1164, 35, 'BGRL557739', 'Sukses', '{\"data\":{\"trx_id\":\"68608f15b60443002938d2c9\",\"ref_id\":\"BGRL557739\",\"customer_no\":\"085787668876\",\"buyer_sku_code\":\"dana1k\",\"message\":\"Transaksi Sukses\",\"status\":\"Sukses\",\"rc\":\"00\",\"buyer_last_saldo\":673411,\"sn\":\"DNID-KHAXXXXXXX-085787668876\\/2025062910121481030100166156060649531\",\"price\":1130,\"tele\":\"@bcajaya\",\"wa\":\"087778034999\"}}', 'DNID-KHAXXXXXXX-085787668876/2025062910121481030100166156060649531', NULL, 'game', 'HTTP/1.0 200 OK\r\nCache-Control: no-cache, private\r\nContent-Type:  application/json\r\nDate:          Sun, 29 Jun 2025 00:55:49 GMT\r\n\r\n{\"ip\":\"114.10.142.150\",\"city\":\"Banjarmasin\",\"region\":\"South Kalimantan\",\"country\":\"ID\",\"loc\":\"-3.3199,114.5907\",\"org\":\"AS4761 INDOSAT Internet Network Provider\",\"timezone\":\"Asia\\/Makassar\"}', '2025-06-29 00:55:49', '2025-06-29 00:55:54'),
(145, 'BGRL223131994868INV', NULL, '177131756', '2916', 'YattZX', '3 Diamond', 1056, 63, NULL, 'Sukses', NULL, NULL, NULL, 'game', 'HTTP/1.0 200 OK\r\nCache-Control: no-cache, private\r\nContent-Type:  application/json\r\nDate:          Sun, 29 Jun 2025 15:06:31 GMT\r\n\r\n{\"ip\":\"182.3.36.94\",\"city\":\"Jakarta\",\"region\":\"Jakarta\",\"country\":\"ID\",\"loc\":\"-6.2146,106.8451\",\"org\":\"AS23693 PT. Telekomunikasi Selular\",\"timezone\":\"Asia\\/Jakarta\"}', '2025-06-29 15:06:31', '2025-07-01 03:10:45'),
(146, 'BGRL215552677600INV', 'manual', '123456789', NULL, 'Not Found.', 'Manual', 21600, 1728, '', 'Sukses', '{\"status\":true}', NULL, NULL, 'game', 'HTTP/1.0 200 OK\r\nCache-Control: no-cache, private\r\nContent-Type:  application/json\r\nDate:          Sun, 17 Aug 2025 14:46:56 GMT\r\n\r\n{\"ip\":\"168.235.206.163\",\"city\":\"Los Angeles\",\"region\":\"California\",\"country\":\"US\",\"loc\":\"34.0522,-118.2437\",\"org\":\"AS54994 Meteverse Limited.\",\"timezone\":\"America\\/Los_Angeles\"}', '2025-08-17 14:46:56', '2025-08-17 14:47:58');

-- --------------------------------------------------------

--
-- Struktur dari tabel `ratings`
--

CREATE TABLE `ratings` (
  `id` bigint UNSIGNED NOT NULL,
  `rating_id` varchar(255) CHARACTER SET utf8mb4 COLLATE utf8mb4_unicode_ci NOT NULL,
  `kategori_id` varchar(225) CHARACTER SET utf8mb4 COLLATE utf8mb4_unicode_ci NOT NULL,
  `bintang` varchar(255) CHARACTER SET utf8mb4 COLLATE utf8mb4_unicode_ci NOT NULL,
  `comment` varchar(255) CHARACTER SET utf8mb4 COLLATE utf8mb4_unicode_ci NOT NULL,
  `username` varchar(225) CHARACTER SET utf8mb4 COLLATE utf8mb4_unicode_ci NOT NULL,
  `layanan` varchar(225) CHARACTER SET utf8mb4 COLLATE utf8mb4_unicode_ci NOT NULL,
  `no_pembeli` varchar(225) CHARACTER SET utf8mb4 COLLATE utf8mb4_unicode_ci NOT NULL,
  `created_at` timestamp NULL DEFAULT CURRENT_TIMESTAMP,
  `updated_at` timestamp NULL DEFAULT CURRENT_TIMESTAMP
) ENGINE=InnoDB DEFAULT CHARSET=latin1;

--
-- Dumping data untuk tabel `ratings`
--

INSERT INTO `ratings` (`id`, `rating_id`, `kategori_id`, `bintang`, `comment`, `username`, `layanan`, `no_pembeli`, `created_at`, `updated_at`) VALUES
(11, 'BGRL215552677600INV', '2', '0', 'Ok', 'manual', 'Manual', '123456789', '2025-08-17 14:50:48', '2025-08-17 14:50:48');

-- --------------------------------------------------------

--
-- Struktur dari tabel `vouchers`
--

CREATE TABLE `vouchers` (
  `id` int NOT NULL,
  `kode` varchar(255) NOT NULL,
  `promo` int NOT NULL,
  `stock` int NOT NULL,
  `max_potongan` int NOT NULL,
  `created_at` timestamp NULL DEFAULT NULL,
  `updated_at` timestamp NULL DEFAULT NULL
) ENGINE=InnoDB DEFAULT CHARSET=latin1;

-- --------------------------------------------------------

--
-- Struktur dari tabel `whitelisted_ips`
--

CREATE TABLE `whitelisted_ips` (
  `id` bigint UNSIGNED NOT NULL,
  `ip_address` varchar(225) CHARACTER SET utf8mb4 COLLATE utf8mb4_unicode_ci NOT NULL,
  `created_at` timestamp NULL DEFAULT NULL,
  `updated_at` timestamp NULL DEFAULT NULL
) ENGINE=InnoDB DEFAULT CHARSET=latin1;

--
-- Dumping data untuk tabel `whitelisted_ips`
--

INSERT INTO `whitelisted_ips` (`id`, `ip_address`, `created_at`, `updated_at`) VALUES
(32, '114.4.78.217', '2025-05-19 02:19:06', '2025-05-19 02:19:06'),
(34, '114.10.72.143', '2025-05-19 06:07:58', '2025-05-19 06:07:58'),
(35, '140.213.9.61', '2025-05-19 10:59:19', '2025-05-19 10:59:19'),
(36, '140.213.35.98', '2025-05-19 10:59:58', '2025-05-19 10:59:58'),
(37, '114.5.223.111', '2025-05-19 11:01:01', '2025-05-19 11:01:01'),
(38, '182.3.101.47', '2025-05-19 11:06:52', '2025-05-19 11:06:52'),
(39, '114.10.142.128', '2025-05-29 12:40:47', '2025-05-29 12:40:47'),
(40, '114.10.142.136', '2025-05-29 17:16:40', '2025-05-29 17:16:40'),
(41, '114.10.143.62', '2025-05-30 06:37:32', '2025-05-30 06:37:32'),
(42, '114.10.142.133', '2025-05-30 12:41:25', '2025-05-30 12:41:25'),
(43, '114.10.142.146', '2025-05-31 01:38:40', '2025-05-31 01:38:40'),
(44, '114.10.142.183', '2025-05-31 06:48:48', '2025-05-31 06:48:48'),
(45, '114.10.143.31', '2025-05-31 12:08:34', '2025-05-31 12:08:34'),
(46, '114.10.143.19', '2025-05-31 23:41:39', '2025-05-31 23:41:39'),
(47, '114.10.143.24', '2025-06-02 06:00:13', '2025-06-02 06:00:13'),
(48, '114.10.143.46', '2025-06-02 11:57:51', '2025-06-02 11:57:51'),
(49, '114.10.142.174', '2025-06-03 00:33:53', '2025-06-03 00:33:53'),
(50, '114.10.142.149', '2025-06-03 04:59:39', '2025-06-03 04:59:39'),
(51, '114.10.142.161', '2025-06-03 11:53:50', '2025-06-03 11:53:50'),
(52, '114.10.143.26', '2025-06-04 04:09:45', '2025-06-04 04:09:45'),
(53, '114.10.142.140', '2025-06-04 05:32:40', '2025-06-04 05:32:40'),
(54, '114.10.143.13', '2025-06-07 16:20:21', '2025-06-07 16:20:21'),
(55, '114.10.143.9', '2025-06-11 13:13:49', '2025-06-11 13:13:49'),
(56, '114.10.142.184', '2025-06-12 11:14:53', '2025-06-12 11:14:53'),
(57, '114.10.142.147', '2025-06-14 14:05:11', '2025-06-14 14:05:11'),
(58, '114.10.143.3', '2025-06-14 15:28:20', '2025-06-14 15:28:20'),
(59, '114.10.143.20', '2025-06-15 09:23:50', '2025-06-15 09:23:50'),
(60, '114.10.143.17', '2025-06-15 15:45:13', '2025-06-15 15:45:13'),
(61, '114.10.142.158', '2025-06-16 01:30:16', '2025-06-16 01:30:16'),
(62, '114.10.143.40', '2025-06-16 15:14:10', '2025-06-16 15:14:10'),
(63, '114.10.143.42', '2025-06-17 10:32:21', '2025-06-17 10:32:21'),
(64, '114.10.142.135', '2025-06-17 22:16:44', '2025-06-17 22:16:44'),
(65, '114.10.143.22', '2025-06-18 11:36:45', '2025-06-18 11:36:45'),
(66, '114.10.143.60', '2025-06-19 01:27:19', '2025-06-19 01:27:19'),
(67, '114.10.143.59', '2025-06-19 07:07:01', '2025-06-19 07:07:01'),
(68, '114.10.143.55', '2025-06-21 04:29:46', '2025-06-21 04:29:46'),
(69, '114.10.142.168', '2025-06-21 19:34:15', '2025-06-21 19:34:15'),
(70, '114.10.142.178', '2025-06-22 02:49:01', '2025-06-22 02:49:01'),
(71, '114.10.142.162', '2025-06-23 10:14:34', '2025-06-23 10:14:34'),
(72, '114.10.143.1', '2025-06-23 11:30:24', '2025-06-23 11:30:24'),
(73, '114.10.143.4', '2025-06-24 00:20:30', '2025-06-24 00:20:30'),
(74, '114.10.142.130', '2025-06-24 10:35:53', '2025-06-24 10:35:53'),
(75, '114.10.143.21', '2025-06-25 22:42:57', '2025-06-25 22:42:57'),
(76, '114.10.143.38', '2025-06-27 03:51:09', '2025-06-27 03:51:09'),
(77, '114.10.142.171', '2025-06-27 12:27:00', '2025-06-27 12:27:00'),
(78, '114.10.143.12', '2025-06-28 01:15:07', '2025-06-28 01:15:07'),
(79, '114.10.142.150', '2025-06-28 23:10:05', '2025-06-28 23:10:05'),
(80, '114.10.142.177', '2025-06-29 15:00:39', '2025-06-29 15:00:39'),
(81, '114.10.142.176', '2025-06-30 04:51:45', '2025-06-30 04:51:45'),
(82, '103.150.98.249', '2025-06-30 11:49:17', '2025-06-30 11:49:17'),
(83, '2400:9800:862:5ac9:c431:62dd:41ea:b9dd', '2025-07-01 03:02:56', '2025-07-01 03:02:56'),
(84, '103.136.58.255', '2025-07-01 10:07:32', '2025-07-01 10:07:32'),
(87, '175.100.116.35', '2025-07-03 04:19:03', '2025-07-03 04:19:03'),
(88, '2400:9800:16b:9427:6d4e:ecf8:98ed:ca54', '2025-07-03 06:30:46', '2025-07-03 06:30:46'),
(89, '140.213.20.161', '2025-07-03 07:11:24', '2025-07-03 07:11:24'),
(90, '38.211.246.132', '2025-07-03 09:20:16', '2025-07-03 09:20:16'),
(91, '114.10.142.145', '2025-07-03 10:41:52', '2025-07-03 10:41:52'),
(92, '2400:9800:367:860a:2155:e0cb:1a7e:ef15', '2025-07-03 12:07:17', '2025-07-03 12:07:17'),
(93, '140.213.31.212', '2025-07-03 12:08:27', '2025-07-03 12:08:27'),
(94, '2400:9800:350:59a9:f045:13e0:45e9:e6e', '2025-07-03 12:13:38', '2025-07-03 12:13:38'),
(95, '180.252.171.167', '2025-07-04 13:50:21', '2025-07-04 13:50:21'),
(97, '114.79.37.189', '2025-07-05 18:38:46', '2025-07-05 18:38:46'),
(99, '114.79.38.49', '2025-07-06 02:17:39', '2025-07-06 02:17:39'),
(100, '114.4.214.205', '2025-07-07 13:45:29', '2025-07-07 13:45:29'),
(101, '140.213.38.17', '2025-07-10 00:37:03', '2025-07-10 00:37:03'),
(102, '2400:9800:274:ca9f:4069:cbff:fe67:ff2f', '2025-07-10 01:14:06', '2025-07-10 01:14:06'),
(103, '114.10.24.97', '2025-07-11 14:34:22', '2025-07-11 14:34:22'),
(104, '180.247.57.214', '2025-07-12 06:46:42', '2025-07-12 06:46:42'),
(105, '103.28.116.247', '2025-07-12 11:24:12', '2025-07-12 11:24:12'),
(106, '114.10.143.37', '2025-07-12 14:03:01', '2025-07-12 14:03:01'),
(107, '110.137.39.134', '2025-07-13 06:34:51', '2025-07-13 06:34:51'),
(108, '2001:448a:50a0:61ce:50eb:7d25:f236:47d8', '2025-07-13 11:24:27', '2025-07-13 11:24:27'),
(109, '125.160.155.203', '2025-07-13 11:28:03', '2025-07-13 11:28:03'),
(110, '110.137.36.10', '2025-07-14 07:36:33', '2025-07-14 07:36:33'),
(111, '180.248.116.138', '2025-07-16 19:20:46', '2025-07-16 19:20:46'),
(112, '180.252.113.160', '2025-07-22 02:33:12', '2025-07-22 02:33:12'),
(113, '2a09:bac5:3a0e:1028::19c:16e', '2025-07-25 15:50:52', '2025-07-25 15:50:52'),
(114, '114.10.143.56', '2025-07-28 10:49:54', '2025-07-28 10:49:54'),
(115, '152.118.231.245', '2025-07-30 02:00:00', '2025-07-30 02:00:00'),
(116, '2001:448a:306c:3045:e4a3:be53:362f:6cc3', '2025-08-10 02:07:49', '2025-08-10 02:07:49'),
(117, '140.213.72.36', '2025-08-10 10:32:58', '2025-08-10 10:32:58'),
(118, '2400:9800:b60:a38e:63e0:5301:58e0:921c', '2025-08-10 10:34:34', '2025-08-10 10:34:34'),
(119, '125.164.158.112', '2025-08-10 13:16:08', '2025-08-10 13:16:08'),
(120, '139.195.81.10', '2025-08-10 16:04:45', '2025-08-10 16:04:45'),
(121, '180.252.154.160', '2025-08-11 01:46:59', '2025-08-11 01:46:59'),
(122, '114.10.153.164', '2025-08-11 14:22:37', '2025-08-11 14:22:37'),
(123, '118.67.205.182', '2025-08-13 16:28:25', '2025-08-13 16:28:25'),
(124, '136.228.133.156', '2025-08-14 02:01:57', '2025-08-14 02:01:57'),
(125, '59.153.130.59', '2025-08-16 02:30:31', '2025-08-16 02:30:31'),
(126, '114.79.17.75', '2025-08-17 14:21:39', '2025-08-17 14:21:39'),
(127, '103.190.47.95', '2025-08-19 01:23:03', '2025-08-19 01:23:03'),
(128, '180.243.12.32', '2025-08-22 11:27:57', '2025-08-22 11:27:57'),
(129, '114.10.142.189', '2025-08-22 11:33:48', '2025-08-22 11:33:48'),
(130, '114.5.105.146', '2025-09-02 00:40:01', '2025-09-02 00:40:01'),
(131, '114.10.143.34', '2025-09-02 11:23:56', '2025-09-02 11:23:56'),
(132, '114.10.143.44', '2025-09-03 07:54:07', '2025-09-03 07:54:07'),
(133, '114.10.142.163', '2025-09-03 10:41:12', '2025-09-03 10:41:12'),
(134, '158.140.182.108', '2025-09-07 10:45:44', '2025-09-07 10:45:44'),
(135, '114.10.143.43', '2025-09-17 00:06:37', '2025-09-17 00:06:37'),
(136, '114.125.43.28', '2025-09-21 07:00:22', '2025-09-21 07:00:22'),
(137, '202.67.44.4', '2025-09-21 08:50:01', '2025-09-21 08:50:01'),
(138, '202.67.45.39', '2025-09-22 10:59:06', '2025-09-22 10:59:06'),
(139, '114.10.143.16', '2025-09-22 13:29:26', '2025-09-22 13:29:26'),
(140, '114.10.143.45', '2025-09-23 02:05:48', '2025-09-23 02:05:48'),
(141, '2001:448a:c020:84d:f814:ad0d:f266:3773', '2025-09-23 06:12:06', '2025-09-23 06:12:06'),
(142, '103.19.78.119', '2025-09-24 06:13:18', '2025-09-24 06:13:18'),
(143, '182.8.194.64', '2025-09-24 08:27:47', '2025-09-24 08:27:47'),
(144, '182.8.193.64', '2025-09-24 08:29:10', '2025-09-24 08:29:10'),
(145, '182.8.193.11', '2025-09-24 08:29:26', '2025-09-24 08:29:26'),
(146, '182.1.96.172', '2025-09-24 11:58:49', '2025-09-24 11:58:49'),
(147, '2001:448a:502c:a8:f814:ad0d:f266:3773', '2025-09-25 13:13:34', '2025-09-25 13:13:34'),
(148, '114.10.142.182', '2025-09-28 06:26:54', '2025-09-28 06:26:54');

-- --------------------------------------------------------

--
-- Struktur dari tabel `withdrawals`
--

CREATE TABLE `withdrawals` (
  `id` int NOT NULL,
  `rekening` varchar(225) CHARACTER SET utf8mb4 COLLATE utf8mb4_unicode_ci NOT NULL,
  `total_transfer` decimal(15,2) NOT NULL,
  `biaya_admin` decimal(10,2) NOT NULL,
  `status` varchar(255) CHARACTER SET utf8mb4 COLLATE utf8mb4_unicode_ci NOT NULL,
  `created_at` timestamp NULL DEFAULT NULL,
  `updated_at` timestamp NULL DEFAULT NULL
) ENGINE=InnoDB DEFAULT CHARSET=utf8mb4 COLLATE=utf8mb4_unicode_ci;

--
-- Indexes for dumped tables
--

--
-- Indeks untuk tabel `beritas`
--
ALTER TABLE `beritas`
  ADD PRIMARY KEY (`id`);

--
-- Indeks untuk tabel `custom_inputs`
--
ALTER TABLE `custom_inputs`
  ADD PRIMARY KEY (`id`);

--
-- Indeks untuk tabel `deposits`
--
ALTER TABLE `deposits`
  ADD PRIMARY KEY (`id`);

--
-- Indeks untuk tabel `failed_jobs`
--
ALTER TABLE `failed_jobs`
  ADD PRIMARY KEY (`id`),
  ADD UNIQUE KEY `failed_jobs_uuid_unique` (`uuid`);

--
-- Indeks untuk tabel `kategoris`
--
ALTER TABLE `kategoris`
  ADD PRIMARY KEY (`id`);

--
-- Indeks untuk tabel `layanans`
--
ALTER TABLE `layanans`
  ADD PRIMARY KEY (`id`);

--
-- Indeks untuk tabel `methods`
--
ALTER TABLE `methods`
  ADD PRIMARY KEY (`id`);

--
-- Indeks untuk tabel `migrations`
--
ALTER TABLE `migrations`
  ADD PRIMARY KEY (`id`);

--
-- Indeks untuk tabel `pakets`
--
ALTER TABLE `pakets`
  ADD PRIMARY KEY (`id`);

--
-- Indeks untuk tabel `paket_layanans`
--
ALTER TABLE `paket_layanans`
  ADD PRIMARY KEY (`id`),
  ADD KEY `paket_id` (`paket_id`),
  ADD KEY `layanan_id` (`layanan_id`);

--
-- Indeks untuk tabel `pembayarans`
--
ALTER TABLE `pembayarans`
  ADD PRIMARY KEY (`id`);

--
-- Indeks untuk tabel `pembelians`
--
ALTER TABLE `pembelians`
  ADD PRIMARY KEY (`id`);

--
-- Indeks untuk tabel `ratings`
--
ALTER TABLE `ratings`
  ADD PRIMARY KEY (`id`);

--
-- Indeks untuk tabel `vouchers`
--
ALTER TABLE `vouchers`
  ADD PRIMARY KEY (`id`);

--
-- Indeks untuk tabel `whitelisted_ips`
--
ALTER TABLE `whitelisted_ips`
  ADD PRIMARY KEY (`id`);

--
-- Indeks untuk tabel `withdrawals`
--
ALTER TABLE `withdrawals`
  ADD PRIMARY KEY (`id`);

--
-- AUTO_INCREMENT untuk tabel yang dibuang
--

--
-- AUTO_INCREMENT untuk tabel `beritas`
--
ALTER TABLE `beritas`
  MODIFY `id` bigint UNSIGNED NOT NULL AUTO_INCREMENT, AUTO_INCREMENT=290;

--
-- AUTO_INCREMENT untuk tabel `custom_inputs`
--
ALTER TABLE `custom_inputs`
  MODIFY `id` bigint UNSIGNED NOT NULL AUTO_INCREMENT, AUTO_INCREMENT=66;

--
-- AUTO_INCREMENT untuk tabel `deposits`
--
ALTER TABLE `deposits`
  MODIFY `id` bigint UNSIGNED NOT NULL AUTO_INCREMENT;

--
-- AUTO_INCREMENT untuk tabel `failed_jobs`
--
ALTER TABLE `failed_jobs`
  MODIFY `id` bigint UNSIGNED NOT NULL AUTO_INCREMENT;

--
-- AUTO_INCREMENT untuk tabel `kategoris`
--
ALTER TABLE `kategoris`
  MODIFY `id` bigint UNSIGNED NOT NULL AUTO_INCREMENT, AUTO_INCREMENT=66;

--
-- AUTO_INCREMENT untuk tabel `layanans`
--
ALTER TABLE `layanans`
  MODIFY `id` bigint UNSIGNED NOT NULL AUTO_INCREMENT, AUTO_INCREMENT=8526;

--
-- AUTO_INCREMENT untuk tabel `methods`
--
ALTER TABLE `methods`
  MODIFY `id` int NOT NULL AUTO_INCREMENT, AUTO_INCREMENT=134;

--
-- AUTO_INCREMENT untuk tabel `migrations`
--
ALTER TABLE `migrations`
  MODIFY `id` int UNSIGNED NOT NULL AUTO_INCREMENT, AUTO_INCREMENT=22;

--
-- AUTO_INCREMENT untuk tabel `pakets`
--
ALTER TABLE `pakets`
  MODIFY `id` bigint UNSIGNED NOT NULL AUTO_INCREMENT, AUTO_INCREMENT=30;

--
-- AUTO_INCREMENT untuk tabel `paket_layanans`
--
ALTER TABLE `paket_layanans`
  MODIFY `id` int UNSIGNED NOT NULL AUTO_INCREMENT, AUTO_INCREMENT=1876;

--
-- AUTO_INCREMENT untuk tabel `pembayarans`
--
ALTER TABLE `pembayarans`
  MODIFY `id` bigint UNSIGNED NOT NULL AUTO_INCREMENT, AUTO_INCREMENT=147;

--
-- AUTO_INCREMENT untuk tabel `pembelians`
--
ALTER TABLE `pembelians`
  MODIFY `id` bigint UNSIGNED NOT NULL AUTO_INCREMENT, AUTO_INCREMENT=147;

--
-- AUTO_INCREMENT untuk tabel `ratings`
--
ALTER TABLE `ratings`
  MODIFY `id` bigint UNSIGNED NOT NULL AUTO_INCREMENT, AUTO_INCREMENT=12;

--
-- AUTO_INCREMENT untuk tabel `vouchers`
--
ALTER TABLE `vouchers`
  MODIFY `id` int NOT NULL AUTO_INCREMENT, AUTO_INCREMENT=14;

--
-- AUTO_INCREMENT untuk tabel `whitelisted_ips`
--
ALTER TABLE `whitelisted_ips`
  MODIFY `id` bigint UNSIGNED NOT NULL AUTO_INCREMENT, AUTO_INCREMENT=149;

--
-- AUTO_INCREMENT untuk tabel `withdrawals`
--
ALTER TABLE `withdrawals`
  MODIFY `id` int NOT NULL AUTO_INCREMENT;
COMMIT;

